Last updated on 2025-10-23 17:50:54 CEST.
Flavor | Version | Tinstall | Tcheck | Ttotal | Status | Flags |
---|---|---|---|---|---|---|
r-devel-linux-x86_64-debian-clang | 1.2.1 | 36.28 | 104.11 | 140.39 | OK | |
r-devel-linux-x86_64-debian-gcc | 1.2.1 | 22.11 | 77.64 | 99.75 | OK | |
r-devel-linux-x86_64-fedora-clang | 1.2.1 | 67.00 | 171.55 | 238.55 | OK | |
r-devel-linux-x86_64-fedora-gcc | 1.2.1 | 185.00 | 76.90 | 261.90 | OK | |
r-devel-windows-x86_64 | 1.2.1 | 50.00 | 123.00 | 173.00 | OK | |
r-patched-linux-x86_64 | 1.2.1 | 36.73 | 102.58 | 139.31 | OK | |
r-release-linux-x86_64 | 1.2.1 | 35.76 | 102.83 | 138.59 | OK | |
r-release-macos-arm64 | 1.2.1 | 16.00 | 60.00 | 76.00 | OK | |
r-release-macos-x86_64 | 1.2.1 | 19.00 | 93.00 | 112.00 | OK | |
r-release-windows-x86_64 | 1.2.1 | 52.00 | 127.00 | 179.00 | OK | |
r-oldrel-macos-arm64 | 1.2.1 | 14.00 | 63.00 | 77.00 | NOTE | |
r-oldrel-macos-x86_64 | 1.2.1 | 19.00 | 100.00 | 119.00 | NOTE | |
r-oldrel-windows-x86_64 | 1.2.1 | 61.00 | 160.00 | 221.00 | NOTE |
Version: 1.2.1
Check: for GNU extensions in Makefiles
Result: NOTE
GNU make is a SystemRequirements.
Flavors: r-oldrel-macos-arm64, r-oldrel-macos-x86_64, r-oldrel-windows-x86_64
These binaries (installable software) and packages are in development.
They may not be fully stable and should be used with caution. We make no claims about them.