Last updated on 2025-02-16 10:50:53 CET.
Flavor | Version | Tinstall | Tcheck | Ttotal | Status | Flags |
---|---|---|---|---|---|---|
r-devel-linux-x86_64-debian-clang | 3.7.3 | 112.17 | 231.94 | 344.11 | NOTE | |
r-devel-linux-x86_64-debian-gcc | 3.7.3 | 76.78 | 138.38 | 215.16 | NOTE | |
r-devel-linux-x86_64-fedora-clang | 3.7.3 | 603.54 | NOTE | |||
r-devel-linux-x86_64-fedora-gcc | 3.7.3 | 567.43 | NOTE | |||
r-devel-macos-arm64 | 3.7.3 | 122.00 | OK | |||
r-devel-macos-x86_64 | 3.7.3 | 277.00 | NOTE | |||
r-devel-windows-x86_64 | 3.7.3 | 116.00 | 232.00 | 348.00 | NOTE | |
r-patched-linux-x86_64 | 3.7.3 | 114.14 | 212.21 | 326.35 | OK | |
r-release-linux-x86_64 | 3.7.3 | 115.20 | 213.49 | 328.69 | OK | |
r-release-macos-arm64 | 3.7.3 | 120.00 | NOTE | |||
r-release-macos-x86_64 | 3.7.3 | 215.00 | NOTE | |||
r-release-windows-x86_64 | 3.7.3 | 119.00 | 227.00 | 346.00 | NOTE | |
r-oldrel-macos-arm64 | 3.7.3 | 112.00 | NOTE | |||
r-oldrel-macos-x86_64 | 3.7.3 | 201.00 | NOTE | |||
r-oldrel-windows-x86_64 | 3.7.3 | 153.00 | 327.00 | 480.00 | NOTE |
Version: 3.7.3
Check: DESCRIPTION meta-information
Result: NOTE
Missing dependency on R >= 4.1.0 because package code uses the pipe
|> or function shorthand \(...) syntax added in R 4.1.0.
File(s) using such syntax:
‘BAM2OM.R’ ‘SSinternal.R’ ‘spatial_targ_opt.R’
Flavors: r-devel-linux-x86_64-debian-clang, r-devel-linux-x86_64-debian-gcc, r-devel-linux-x86_64-fedora-clang, r-devel-linux-x86_64-fedora-gcc, r-devel-macos-x86_64, r-devel-windows-x86_64
Version: 3.7.3
Check: installed package size
Result: NOTE
installed size is 11.4Mb
sub-directories of 1Mb or more:
R 2.0Mb
data 4.5Mb
libs 3.9Mb
Flavors: r-release-macos-arm64, r-release-macos-x86_64, r-release-windows-x86_64, r-oldrel-macos-arm64, r-oldrel-macos-x86_64, r-oldrel-windows-x86_64
These binaries (installable software) and packages are in development.
They may not be fully stable and should be used with caution. We make no claims about them.