Last updated on 2025-05-01 17:56:09 CEST.
Flavor | Version | Tinstall | Tcheck | Ttotal | Status | Flags |
---|---|---|---|---|---|---|
r-devel-linux-x86_64-debian-clang | 0.8 | 2.31 | 38.02 | 40.33 | NOTE | |
r-devel-linux-x86_64-debian-gcc | 0.8 | 1.65 | 30.45 | 32.10 | NOTE | |
r-devel-linux-x86_64-fedora-clang | 0.8 | 57.27 | OK | |||
r-devel-linux-x86_64-fedora-gcc | 0.8 | 55.84 | OK | |||
r-devel-windows-x86_64 | 0.8 | 5.00 | 67.00 | 72.00 | OK | |
r-patched-linux-x86_64 | 0.8 | 2.32 | 35.94 | 38.26 | NOTE | |
r-release-linux-x86_64 | NOTE | |||||
r-release-macos-arm64 | 0.8 | 31.00 | OK | |||
r-release-macos-x86_64 | 0.8 | 59.00 | OK | |||
r-release-windows-x86_64 | 0.8 | 6.00 | 65.00 | 71.00 | OK | |
r-oldrel-macos-arm64 | 0.8 | 24.00 | OK | |||
r-oldrel-macos-x86_64 | 0.8 | 42.00 | OK | |||
r-oldrel-windows-x86_64 | 0.8 | 4.00 | 73.00 | 77.00 | OK |
Version: 0.8
Check: for unstated dependencies in ‘demo’
Result: NOTE
'data(package=)' call not declared from: ‘MASS’
Flavors: r-devel-linux-x86_64-debian-clang, r-devel-linux-x86_64-debian-gcc, r-patched-linux-x86_64, r-release-linux-x86_64
These binaries (installable software) and packages are in development.
They may not be fully stable and should be used with caution. We make no claims about them.