CRAN Package Check Results for Package MSMwRA

Last updated on 2025-11-11 15:50:40 CET.

Flavor Version Tinstall Tcheck Ttotal Status Flags
r-devel-linux-x86_64-debian-clang 1.5 1.46 17.96 19.42 NOTE
r-devel-linux-x86_64-debian-gcc 1.5 1.22 14.85 16.07 NOTE
r-devel-linux-x86_64-fedora-clang 1.5 28.70 OK
r-devel-linux-x86_64-fedora-gcc 1.5 26.81 OK
r-devel-windows-x86_64 1.5 3.00 35.00 38.00 OK
r-patched-linux-x86_64 1.5 1.50 17.16 18.66 OK
r-release-linux-x86_64 1.5 1.53 16.78 18.31 OK
r-release-macos-arm64 1.5 1.00 16.00 17.00 OK
r-release-macos-x86_64 1.5 2.00 21.00 23.00 OK
r-release-windows-x86_64 1.5 3.00 33.00 36.00 OK
r-oldrel-macos-arm64 1.5 1.00 12.00 13.00 OK
r-oldrel-macos-x86_64 1.5 1.00 19.00 20.00 OK
r-oldrel-windows-x86_64 1.5 3.00 35.00 38.00 OK

Check Details

Version: 1.5
Check: CRAN incoming feasibility
Result: NOTE Maintainer: ‘Hasan BULUT <hasan.bulut@omu.edu.tr>’ No Authors@R field in DESCRIPTION. Please add one, modifying Authors@R: person(given = "Hasan", family = "BULUT", role = c("aut", "cre"), email = "hasan.bulut@omu.edu.tr") as necessary. Flavors: r-devel-linux-x86_64-debian-clang, r-devel-linux-x86_64-debian-gcc

These binaries (installable software) and packages are in development.
They may not be fully stable and should be used with caution. We make no claims about them.