Last updated on 2025-02-16 10:50:53 CET.
Flavor | Version | Tinstall | Tcheck | Ttotal | Status | Flags |
---|---|---|---|---|---|---|
r-devel-linux-x86_64-debian-clang | 3.0 | 30.29 | 117.50 | 147.79 | OK | |
r-devel-linux-x86_64-debian-gcc | 3.0 | 17.92 | 71.72 | 89.64 | OK | |
r-devel-linux-x86_64-fedora-clang | 3.0 | 242.57 | NOTE | |||
r-devel-linux-x86_64-fedora-gcc | 3.0 | 219.32 | NOTE | |||
r-devel-macos-arm64 | 3.0 | 53.00 | OK | |||
r-devel-macos-x86_64 | 3.0 | 112.00 | OK | |||
r-devel-windows-x86_64 | 3.0 | 29.00 | 107.00 | 136.00 | OK | |
r-patched-linux-x86_64 | 3.0 | 26.82 | 108.65 | 135.47 | OK | |
r-release-linux-x86_64 | 3.0 | 23.27 | 106.99 | 130.26 | OK | |
r-release-macos-arm64 | 3.0 | 55.00 | OK | |||
r-release-macos-x86_64 | 3.0 | 80.00 | OK | |||
r-release-windows-x86_64 | 3.0 | 27.00 | 105.00 | 132.00 | OK | |
r-oldrel-macos-arm64 | 3.0 | 60.00 | OK | |||
r-oldrel-macos-x86_64 | 3.0 | 93.00 | OK | |||
r-oldrel-windows-x86_64 | 3.0 | 36.00 | 128.00 | 164.00 | OK |
Version: 3.0
Check: dependencies in R code
Result: NOTE
Namespaces in Imports field not imported from:
‘datasets’ ‘grDevices’ ‘graphics’ ‘iterators’ ‘methods’
All declared Imports should be used.
Flavors: r-devel-linux-x86_64-fedora-clang, r-devel-linux-x86_64-fedora-gcc
These binaries (installable software) and packages are in development.
They may not be fully stable and should be used with caution. We make no claims about them.