Last updated on 2025-10-23 23:49:37 CEST.
| Flavor | Version | Tinstall | Tcheck | Ttotal | Status | Flags |
|---|---|---|---|---|---|---|
| r-devel-linux-x86_64-debian-clang | 3.0 | 29.93 | 136.48 | 166.41 | OK | |
| r-devel-linux-x86_64-debian-gcc | 3.0 | 18.49 | 85.85 | 104.34 | OK | |
| r-devel-linux-x86_64-fedora-clang | 3.0 | 75.00 | 189.63 | 264.63 | NOTE | |
| r-devel-linux-x86_64-fedora-gcc | 3.0 | 139.00 | 130.57 | 269.57 | NOTE | |
| r-devel-windows-x86_64 | 3.0 | 29.00 | 115.00 | 144.00 | OK | |
| r-patched-linux-x86_64 | 3.0 | 30.64 | 123.80 | 154.44 | OK | |
| r-release-linux-x86_64 | 3.0 | 27.00 | 125.02 | 152.02 | OK | |
| r-release-macos-arm64 | 3.0 | 12.00 | 42.00 | 54.00 | OK | |
| r-release-macos-x86_64 | 3.0 | 31.00 | 81.00 | 112.00 | OK | |
| r-release-windows-x86_64 | 3.0 | 29.00 | 118.00 | 147.00 | OK | |
| r-oldrel-macos-arm64 | 3.0 | 12.00 | 43.00 | 55.00 | OK | |
| r-oldrel-macos-x86_64 | 3.0 | 18.00 | 62.00 | 80.00 | OK | |
| r-oldrel-windows-x86_64 | 3.0 | 39.00 | 159.00 | 198.00 | OK |
Version: 3.0
Check: dependencies in R code
Result: NOTE
Namespaces in Imports field not imported from:
‘datasets’ ‘grDevices’ ‘graphics’ ‘iterators’ ‘methods’
All declared Imports should be used.
Flavors: r-devel-linux-x86_64-fedora-clang, r-devel-linux-x86_64-fedora-gcc
These binaries (installable software) and packages are in development.
They may not be fully stable and should be used with caution. We make no claims about them.