Last updated on 2025-05-08 04:52:11 CEST.
Flavor | Version | Tinstall | Tcheck | Ttotal | Status | Flags |
---|---|---|---|---|---|---|
r-devel-linux-x86_64-debian-clang | 3.0 | 29.20 | 122.52 | 151.72 | OK | |
r-devel-linux-x86_64-debian-gcc | 3.0 | 19.83 | 76.34 | 96.17 | OK | |
r-devel-linux-x86_64-fedora-clang | 3.0 | 232.27 | NOTE | |||
r-devel-linux-x86_64-fedora-gcc | 3.0 | 237.33 | NOTE | |||
r-devel-windows-x86_64 | 3.0 | 29.00 | 111.00 | 140.00 | OK | |
r-patched-linux-x86_64 | 3.0 | 26.92 | 113.66 | 140.58 | OK | |
r-release-linux-x86_64 | 3.0 | 26.06 | 114.24 | 140.30 | OK | |
r-release-macos-arm64 | 3.0 | 54.00 | OK | |||
r-release-macos-x86_64 | 3.0 | 112.00 | OK | |||
r-release-windows-x86_64 | 3.0 | 28.00 | 108.00 | 136.00 | OK | |
r-oldrel-macos-arm64 | 3.0 | 55.00 | OK | |||
r-oldrel-macos-x86_64 | 3.0 | 80.00 | OK | |||
r-oldrel-windows-x86_64 | 3.0 | 42.00 | 144.00 | 186.00 | OK |
Version: 3.0
Check: dependencies in R code
Result: NOTE
Namespaces in Imports field not imported from:
‘datasets’ ‘grDevices’ ‘graphics’ ‘iterators’ ‘methods’
All declared Imports should be used.
Flavors: r-devel-linux-x86_64-fedora-clang, r-devel-linux-x86_64-fedora-gcc
These binaries (installable software) and packages are in development.
They may not be fully stable and should be used with caution. We make no claims about them.