Last updated on 2025-07-22 13:49:18 CEST.
Flavor | Version | Tinstall | Tcheck | Ttotal | Status | Flags |
---|---|---|---|---|---|---|
r-devel-linux-x86_64-debian-clang | 3.0 | 32.13 | 122.92 | 155.05 | OK | |
r-devel-linux-x86_64-debian-gcc | 3.0 | 19.24 | 77.19 | 96.43 | OK | |
r-devel-linux-x86_64-fedora-clang | 3.0 | 241.43 | NOTE | |||
r-devel-linux-x86_64-fedora-gcc | 3.0 | 229.02 | NOTE | |||
r-devel-windows-x86_64 | 3.0 | 29.00 | 106.00 | 135.00 | OK | |
r-patched-linux-x86_64 | 3.0 | 28.39 | 113.53 | 141.92 | OK | |
r-release-linux-x86_64 | 3.0 | 29.28 | 113.61 | 142.89 | OK | |
r-release-macos-arm64 | 3.0 | 54.00 | OK | |||
r-release-macos-x86_64 | 3.0 | 112.00 | OK | |||
r-release-windows-x86_64 | 3.0 | 28.00 | 112.00 | 140.00 | OK | |
r-oldrel-macos-arm64 | 3.0 | 55.00 | OK | |||
r-oldrel-macos-x86_64 | 3.0 | 80.00 | OK | |||
r-oldrel-windows-x86_64 | 3.0 | 39.00 | 142.00 | 181.00 | OK |
Version: 3.0
Check: dependencies in R code
Result: NOTE
Namespaces in Imports field not imported from:
‘datasets’ ‘grDevices’ ‘graphics’ ‘iterators’ ‘methods’
All declared Imports should be used.
Flavors: r-devel-linux-x86_64-fedora-clang, r-devel-linux-x86_64-fedora-gcc
These binaries (installable software) and packages are in development.
They may not be fully stable and should be used with caution. We make no claims about them.