Last updated on 2025-07-20 03:49:37 CEST.
Flavor | Version | Tinstall | Tcheck | Ttotal | Status | Flags |
---|---|---|---|---|---|---|
r-devel-linux-x86_64-debian-clang | 1.4.8 | 68.89 | 80.95 | 149.84 | NOTE | |
r-devel-linux-x86_64-debian-gcc | 1.4.8 | 48.84 | 61.64 | 110.48 | NOTE | |
r-devel-linux-x86_64-fedora-clang | 1.4.8 | 236.94 | OK | |||
r-devel-linux-x86_64-fedora-gcc | 1.4.8 | 230.75 | OK | |||
r-devel-windows-x86_64 | 1.4.8 | 71.00 | 87.00 | 158.00 | OK | |
r-patched-linux-x86_64 | 1.4.8 | 71.71 | 84.17 | 155.88 | OK | |
r-release-linux-x86_64 | 1.4.8 | 70.68 | 84.63 | 155.31 | OK | |
r-release-macos-arm64 | 1.4.8 | 104.00 | OK | |||
r-release-macos-x86_64 | 1.4.8 | 163.00 | OK | |||
r-release-windows-x86_64 | 1.4.8 | 72.00 | 86.00 | 158.00 | OK | |
r-oldrel-macos-arm64 | 1.4.8 | 81.00 | OK | |||
r-oldrel-macos-x86_64 | 1.4.8 | 112.00 | OK | |||
r-oldrel-windows-x86_64 | 1.4.8 | 90.00 | 103.00 | 193.00 | OK |
Version: 1.4.8
Check: CRAN incoming feasibility
Result: NOTE
Maintainer: ‘Yonghui Dong <yonghui.dong@gmail.com>’
No Authors@R field in DESCRIPTION.
Please add one, modifying
Authors@R: person(given = "Yonghui",
family = "Dong",
role = c("aut", "cre"),
email = "yonghui.dong@gmail.com")
as necessary.
The BugReports field in DESCRIPTION has
https://github.com/YonghuiDong/MSbox/issues/new
which should likely be
https://github.com/YonghuiDong/MSbox/issues/new/issues
instead.
Flavors: r-devel-linux-x86_64-debian-clang, r-devel-linux-x86_64-debian-gcc
These binaries (installable software) and packages are in development.
They may not be fully stable and should be used with caution. We make no claims about them.