Last updated on 2025-11-11 15:50:40 CET.
| Flavor | Version | Tinstall | Tcheck | Ttotal | Status | Flags |
|---|---|---|---|---|---|---|
| r-devel-linux-x86_64-debian-clang | 1.3.7 | 18.57 | 284.70 | 303.27 | OK | |
| r-devel-linux-x86_64-debian-gcc | 1.3.7 | 13.81 | 203.48 | 217.29 | OK | |
| r-devel-linux-x86_64-fedora-clang | 1.3.7 | 48.00 | 418.01 | 466.01 | NOTE | |
| r-devel-linux-x86_64-fedora-gcc | 1.3.7 | 35.00 | 417.66 | 452.66 | NOTE | |
| r-devel-windows-x86_64 | 1.3.7 | 19.00 | 226.00 | 245.00 | OK | |
| r-patched-linux-x86_64 | 1.3.7 | 15.61 | 268.14 | 283.75 | OK | |
| r-release-linux-x86_64 | 1.3.7 | 16.46 | 268.62 | 285.08 | OK | |
| r-release-macos-arm64 | 1.3.7 | 9.00 | 122.00 | 131.00 | OK | |
| r-release-macos-x86_64 | 1.3.7 | 18.00 | 209.00 | 227.00 | OK | |
| r-release-windows-x86_64 | 1.3.7 | 19.00 | 220.00 | 239.00 | OK | |
| r-oldrel-macos-arm64 | 1.3.7 | 8.00 | 94.00 | 102.00 | OK | |
| r-oldrel-macos-x86_64 | 1.3.7 | 11.00 | 137.00 | 148.00 | OK | |
| r-oldrel-windows-x86_64 | 1.3.7 | 25.00 | 305.00 | 330.00 | OK |
Version: 1.3.7
Check: dependencies in R code
Result: NOTE
Namespace in Imports field not imported from: ‘ranger’
All declared Imports should be used.
Flavors: r-devel-linux-x86_64-fedora-clang, r-devel-linux-x86_64-fedora-gcc
These binaries (installable software) and packages are in development.
They may not be fully stable and should be used with caution. We make no claims about them.