Last updated on 2025-10-23 09:50:51 CEST.
Flavor | Version | Tinstall | Tcheck | Ttotal | Status | Flags |
---|---|---|---|---|---|---|
r-devel-linux-x86_64-debian-clang | 2.0.0 | 36.33 | 147.61 | 183.94 | NOTE | |
r-devel-linux-x86_64-debian-gcc | 2.0.0 | 22.86 | 102.07 | 124.93 | OK | |
r-devel-linux-x86_64-fedora-clang | 2.0.0 | 82.00 | 201.54 | 283.54 | OK | |
r-devel-linux-x86_64-fedora-gcc | 2.0.0 | 216.00 | 84.69 | 300.69 | OK | |
r-devel-windows-x86_64 | 2.0.0 | 37.00 | 160.00 | 197.00 | OK | |
r-patched-linux-x86_64 | 2.0.0 | 35.49 | 137.64 | 173.13 | OK | |
r-release-linux-x86_64 | 2.0.0 | 36.09 | 135.61 | 171.70 | OK | |
r-release-macos-arm64 | 2.0.0 | 19.00 | 53.00 | 72.00 | OK | |
r-release-macos-x86_64 | 2.0.0 | 26.00 | 63.00 | 89.00 | OK | |
r-release-windows-x86_64 | 2.0.0 | 38.00 | 163.00 | 201.00 | OK | |
r-oldrel-macos-arm64 | 2.0.0 | 19.00 | 53.00 | 72.00 | OK | |
r-oldrel-macos-x86_64 | 2.0.0 | 31.00 | 68.00 | 99.00 | OK | |
r-oldrel-windows-x86_64 | 2.0.0 | 56.00 | 207.00 | 263.00 | OK |
Version: 2.0.0
Check: HTML version of manual
Result: NOTE
Found the following HTML validation problems:
bootMSmix.html:51:1 (bootMSmix.Rd:12): Warning: missing </ul> before </div>
rearrange_output_mix.html:50:1 (rearrange_output_mix.Rd:12): Warning: missing </ul> before </div>
Flavor: r-devel-linux-x86_64-debian-clang
These binaries (installable software) and packages are in development.
They may not be fully stable and should be used with caution. We make no claims about them.