Last updated on 2025-02-16 10:50:53 CET.
Flavor | Version | Tinstall | Tcheck | Ttotal | Status | Flags |
---|---|---|---|---|---|---|
r-devel-linux-x86_64-debian-clang | 0.1.0 | 7.79 | 57.57 | 65.36 | NOTE | |
r-devel-linux-x86_64-debian-gcc | 0.1.0 | 5.74 | 43.26 | 49.00 | NOTE | |
r-devel-linux-x86_64-fedora-clang | 0.1.0 | 105.94 | OK | |||
r-devel-linux-x86_64-fedora-gcc | 0.1.0 | 98.41 | OK | |||
r-devel-macos-arm64 | 0.1.0 | 33.00 | OK | |||
r-devel-macos-x86_64 | 0.1.0 | 59.00 | OK | |||
r-devel-windows-x86_64 | 0.1.0 | 8.00 | 73.00 | 81.00 | NOTE | |
r-patched-linux-x86_64 | 0.1.0 | 9.13 | 53.75 | 62.88 | OK | |
r-release-linux-x86_64 | 0.1.0 | 7.01 | 53.57 | 60.58 | OK | |
r-release-macos-arm64 | 0.1.0 | 31.00 | OK | |||
r-release-macos-x86_64 | 0.1.0 | 48.00 | OK | |||
r-release-windows-x86_64 | 0.1.0 | 8.00 | 72.00 | 80.00 | OK | |
r-oldrel-macos-arm64 | 0.1.0 | 37.00 | OK | |||
r-oldrel-macos-x86_64 | 0.1.0 | 79.00 | OK | |||
r-oldrel-windows-x86_64 | 0.1.0 | 8.00 | 80.00 | 88.00 | OK |
Version: 0.1.0
Check: Rd cross-references
Result: NOTE
Found the following Rd file(s) with Rd \link{} targets missing package
anchors:
TSMCP.Rd: grpreg
Please provide package anchors for all Rd \link{} targets not in the
package itself and the base packages.
Flavors: r-devel-linux-x86_64-debian-clang, r-devel-linux-x86_64-debian-gcc, r-devel-windows-x86_64
These binaries (installable software) and packages are in development.
They may not be fully stable and should be used with caution. We make no claims about them.