Last updated on 2025-11-12 23:50:50 CET.
| Flavor | Version | Tinstall | Tcheck | Ttotal | Status | Flags |
|---|---|---|---|---|---|---|
| r-devel-linux-x86_64-debian-clang | 0.1.0 | 7.84 | 61.11 | 68.95 | NOTE | |
| r-devel-linux-x86_64-debian-gcc | 0.1.0 | 6.00 | 45.52 | 51.52 | NOTE | |
| r-devel-linux-x86_64-fedora-clang | 0.1.0 | 21.00 | 84.30 | 105.30 | OK | |
| r-devel-linux-x86_64-fedora-gcc | 0.1.0 | 15.00 | 83.84 | 98.84 | OK | |
| r-devel-windows-x86_64 | 0.1.0 | 8.00 | 74.00 | 82.00 | NOTE | |
| r-patched-linux-x86_64 | 0.1.0 | 7.23 | 58.40 | 65.63 | NOTE | |
| r-release-linux-x86_64 | 0.1.0 | 8.44 | 57.63 | 66.07 | NOTE | |
| r-release-macos-arm64 | 0.1.0 | 5.00 | 30.00 | 35.00 | OK | |
| r-release-macos-x86_64 | 0.1.0 | 7.00 | 50.00 | 57.00 | OK | |
| r-release-windows-x86_64 | 0.1.0 | 8.00 | 76.00 | 84.00 | NOTE | |
| r-oldrel-macos-arm64 | 0.1.0 | 3.00 | 28.00 | 31.00 | OK | |
| r-oldrel-macos-x86_64 | 0.1.0 | 6.00 | 42.00 | 48.00 | OK | |
| r-oldrel-windows-x86_64 | 0.1.0 | 11.00 | 86.00 | 97.00 | OK |
Version: 0.1.0
Check: Rd cross-references
Result: NOTE
Found the following Rd file(s) with Rd \link{} targets missing package
anchors:
TSMCP.Rd: grpreg
Please provide package anchors for all Rd \link{} targets not in the
package itself and the base packages.
Flavors: r-devel-linux-x86_64-debian-clang, r-devel-linux-x86_64-debian-gcc, r-devel-windows-x86_64, r-patched-linux-x86_64, r-release-linux-x86_64, r-release-windows-x86_64
These binaries (installable software) and packages are in development.
They may not be fully stable and should be used with caution. We make no claims about them.