Last updated on 2025-05-01 14:49:15 CEST.
Flavor | Version | Tinstall | Tcheck | Ttotal | Status | Flags |
---|---|---|---|---|---|---|
r-devel-linux-x86_64-debian-clang | 1.0.2 | 7.45 | 89.59 | 97.04 | NOTE | |
r-devel-linux-x86_64-debian-gcc | 1.0.2 | 5.83 | 67.97 | 73.80 | OK | |
r-devel-linux-x86_64-fedora-clang | 1.0.2 | 150.39 | OK | |||
r-devel-linux-x86_64-fedora-gcc | 1.0.2 | 160.12 | OK | |||
r-devel-windows-x86_64 | 1.0.2 | 9.00 | 100.00 | 109.00 | OK | |
r-patched-linux-x86_64 | 1.0.2 | 7.94 | 86.13 | 94.07 | OK | |
r-release-linux-x86_64 | OK | |||||
r-release-macos-arm64 | 1.0.2 | 57.00 | OK | |||
r-release-macos-x86_64 | 1.0.2 | 119.00 | OK | |||
r-release-windows-x86_64 | 1.0.2 | 9.00 | 102.00 | 111.00 | OK | |
r-oldrel-macos-arm64 | 1.0.2 | 51.00 | OK | |||
r-oldrel-macos-x86_64 | 1.0.2 | 84.00 | OK | |||
r-oldrel-windows-x86_64 | 1.0.2 | 10.00 | 123.00 | 133.00 | OK |
Version: 1.0.2
Check: examples
Result: NOTE
Examples with CPU (user + system) or elapsed time > 5s
user system elapsed
revisedStacking 4.122 0.019 5.656
Flavor: r-devel-linux-x86_64-debian-clang
These binaries (installable software) and packages are in development.
They may not be fully stable and should be used with caution. We make no claims about them.