Last updated on 2025-07-04 01:50:00 CEST.
Flavor | Version | Tinstall | Tcheck | Ttotal | Status | Flags |
---|---|---|---|---|---|---|
r-devel-linux-x86_64-debian-clang | 1.2.1 | 51.43 | 150.93 | 202.36 | NOTE | |
r-devel-linux-x86_64-debian-gcc | 1.2.1 | 32.55 | 100.53 | 133.08 | NOTE | |
r-devel-linux-x86_64-fedora-clang | 1.2.1 | 322.93 | OK | |||
r-devel-linux-x86_64-fedora-gcc | 1.2.1 | 309.55 | OK | |||
r-devel-windows-x86_64 | 1.2.1 | 51.00 | 176.00 | 227.00 | OK | |
r-patched-linux-x86_64 | 1.2.1 | 52.30 | 144.58 | 196.88 | OK | |
r-release-linux-x86_64 | 1.2.1 | 51.60 | 147.50 | 199.10 | OK | |
r-release-macos-arm64 | 1.2.1 | 88.00 | OK | |||
r-release-macos-x86_64 | 1.2.1 | 195.00 | OK | |||
r-release-windows-x86_64 | 1.2.1 | 56.00 | 178.00 | 234.00 | OK | |
r-oldrel-macos-arm64 | 1.2.1 | 79.00 | NOTE | |||
r-oldrel-macos-x86_64 | 1.2.1 | 167.00 | NOTE | |||
r-oldrel-windows-x86_64 | 1.2.1 | 67.00 | 225.00 | 292.00 | OK |
Version: 1.2.1
Check: CRAN incoming feasibility
Result: NOTE
Maintainer: ‘Ruey S. Tsay <ruey.tsay@chicagobooth.edu>’
No Authors@R field in DESCRIPTION.
Please add one, modifying
Authors@R: c(person(given = c("Ruey", "S."),
family = "Tsay",
role = c("aut", "cre"),
email = "ruey.tsay@chicagobooth.edu"),
person(given = "David",
family = "Wood",
role = "aut"),
person(given = "Jon",
family = "Lachmann",
role = "ctb"))
as necessary.
Flavors: r-devel-linux-x86_64-debian-clang, r-devel-linux-x86_64-debian-gcc
Version: 1.2.1
Check: installed package size
Result: NOTE
installed size is 5.2Mb
sub-directories of 1Mb or more:
libs 4.3Mb
Flavors: r-oldrel-macos-arm64, r-oldrel-macos-x86_64
These binaries (installable software) and packages are in development.
They may not be fully stable and should be used with caution. We make no claims about them.