Last updated on 2025-11-11 15:50:40 CET.
| Flavor | Version | Tinstall | Tcheck | Ttotal | Status | Flags |
|---|---|---|---|---|---|---|
| r-devel-linux-x86_64-debian-clang | 1.2.0 | 2.05 | 30.59 | 32.64 | OK | |
| r-devel-linux-x86_64-debian-gcc | 1.2.0 | 1.66 | 23.98 | 25.64 | OK | |
| r-devel-linux-x86_64-fedora-clang | 1.2.0 | 45.16 | OK | |||
| r-devel-linux-x86_64-fedora-gcc | 1.2.0 | 43.22 | OK | |||
| r-devel-windows-x86_64 | 1.2.0 | 4.00 | 57.00 | 61.00 | OK | |
| r-patched-linux-x86_64 | 1.2.0 | 3.31 | 27.78 | 31.09 | OK | |
| r-release-linux-x86_64 | 1.2.0 | 1.89 | 27.55 | 29.44 | OK | |
| r-release-macos-arm64 | 1.2.0 | 1.00 | 20.00 | 21.00 | OK | |
| r-release-macos-x86_64 | 1.2.0 | 3.00 | 35.00 | 38.00 | OK | |
| r-release-windows-x86_64 | 1.2.0 | 3.00 | 63.00 | 66.00 | OK | |
| r-oldrel-macos-arm64 | 1.2.0 | 1.00 | 16.00 | 17.00 | NOTE | |
| r-oldrel-macos-x86_64 | 1.2.0 | 2.00 | 28.00 | 30.00 | NOTE | |
| r-oldrel-windows-x86_64 | 1.2.0 | 6.00 | 63.00 | 69.00 | NOTE |
Version: 1.2.0
Check: LazyData
Result: NOTE
'LazyData' is specified without a 'data' directory
Flavors: r-oldrel-macos-arm64, r-oldrel-macos-x86_64, r-oldrel-windows-x86_64
These binaries (installable software) and packages are in development.
They may not be fully stable and should be used with caution. We make no claims about them.