Last updated on 2025-11-12 23:50:50 CET.
| Flavor | Version | Tinstall | Tcheck | Ttotal | Status | Flags |
|---|---|---|---|---|---|---|
| r-devel-linux-x86_64-debian-clang | 2.1.0 | 11.90 | 93.10 | 105.00 | OK | |
| r-devel-linux-x86_64-debian-gcc | 2.1.0 | 8.45 | 66.62 | 75.07 | OK | |
| r-devel-linux-x86_64-fedora-clang | 2.1.0 | 25.00 | 138.44 | 163.44 | OK | |
| r-devel-linux-x86_64-fedora-gcc | 2.1.0 | 28.00 | 125.34 | 153.34 | OK | |
| r-devel-windows-x86_64 | 2.1.0 | 13.00 | 91.00 | 104.00 | OK | |
| r-patched-linux-x86_64 | 2.1.0 | 9.38 | 88.88 | 98.26 | OK | |
| r-release-linux-x86_64 | 2.1.0 | 9.39 | 88.19 | 97.58 | OK | |
| r-release-macos-arm64 | 2.1.0 | 5.00 | 53.00 | 58.00 | OK | |
| r-release-macos-x86_64 | 2.1.0 | 9.00 | 67.00 | 76.00 | OK | |
| r-release-windows-x86_64 | 2.1.0 | 13.00 | 92.00 | 105.00 | OK | |
| r-oldrel-macos-arm64 | 2.1.0 | 4.00 | 34.00 | 38.00 | NOTE | |
| r-oldrel-macos-x86_64 | 2.1.0 | 8.00 | 58.00 | 66.00 | NOTE | |
| r-oldrel-windows-x86_64 | 2.1.0 | 15.00 | 119.00 | 134.00 | NOTE |
Version: 2.1.0
Check: LazyData
Result: NOTE
'LazyData' is specified without a 'data' directory
Flavors: r-oldrel-macos-arm64, r-oldrel-macos-x86_64, r-oldrel-windows-x86_64
These binaries (installable software) and packages are in development.
They may not be fully stable and should be used with caution. We make no claims about them.