Last updated on 2025-10-23 11:50:20 CEST.
Flavor | Version | Tinstall | Tcheck | Ttotal | Status | Flags |
---|---|---|---|---|---|---|
r-devel-linux-x86_64-debian-clang | 2.1.0 | 10.74 | 93.53 | 104.27 | OK | |
r-devel-linux-x86_64-debian-gcc | 2.1.0 | 8.10 | 65.37 | 73.47 | OK | |
r-devel-linux-x86_64-fedora-clang | 2.1.0 | 29.00 | 132.07 | 161.07 | OK | |
r-devel-linux-x86_64-fedora-gcc | 2.1.0 | 64.00 | 100.44 | 164.44 | OK | |
r-devel-windows-x86_64 | 2.1.0 | 12.00 | 92.00 | 104.00 | OK | |
r-patched-linux-x86_64 | 2.1.0 | 12.19 | 87.93 | 100.12 | OK | |
r-release-linux-x86_64 | 2.1.0 | 10.33 | 87.93 | 98.26 | OK | |
r-release-macos-arm64 | 2.1.0 | 5.00 | 53.00 | 58.00 | OK | |
r-release-macos-x86_64 | 2.1.0 | 9.00 | 67.00 | 76.00 | OK | |
r-release-windows-x86_64 | 2.1.0 | 13.00 | 93.00 | 106.00 | OK | |
r-oldrel-macos-arm64 | 2.1.0 | 4.00 | 34.00 | 38.00 | NOTE | |
r-oldrel-macos-x86_64 | 2.1.0 | 8.00 | 58.00 | 66.00 | NOTE | |
r-oldrel-windows-x86_64 | 2.1.0 | 16.00 | 122.00 | 138.00 | NOTE |
Version: 2.1.0
Check: LazyData
Result: NOTE
'LazyData' is specified without a 'data' directory
Flavors: r-oldrel-macos-arm64, r-oldrel-macos-x86_64, r-oldrel-windows-x86_64
These binaries (installable software) and packages are in development.
They may not be fully stable and should be used with caution. We make no claims about them.