Last updated on 2025-05-01 14:49:16 CEST.
Flavor | Version | Tinstall | Tcheck | Ttotal | Status | Flags |
---|---|---|---|---|---|---|
r-devel-linux-x86_64-debian-clang | 5.9 | 4.50 | 47.25 | 51.75 | NOTE | |
r-devel-linux-x86_64-debian-gcc | 5.9 | 3.28 | 36.23 | 39.51 | NOTE | |
r-devel-linux-x86_64-fedora-clang | 5.9 | 85.57 | OK | |||
r-devel-linux-x86_64-fedora-gcc | 5.9 | 89.84 | OK | |||
r-devel-windows-x86_64 | 5.9 | 6.00 | 59.00 | 65.00 | OK | |
r-patched-linux-x86_64 | 5.9 | 4.58 | 45.46 | 50.04 | OK | |
r-release-linux-x86_64 | OK | |||||
r-release-macos-arm64 | 5.9 | 33.00 | OK | |||
r-release-macos-x86_64 | 5.9 | 59.00 | OK | |||
r-release-windows-x86_64 | 5.9 | 7.00 | 59.00 | 66.00 | OK | |
r-oldrel-macos-arm64 | 5.9 | 31.00 | OK | |||
r-oldrel-macos-x86_64 | 5.9 | 46.00 | OK | |||
r-oldrel-windows-x86_64 | 5.9 | 7.00 | 69.00 | 76.00 | OK |
Version: 5.9
Check: CRAN incoming feasibility
Result: NOTE
Maintainer: ‘Selcuk Korkmaz <selcukorkmaz@gmail.com>’
Package CITATION file contains call(s) to old-style personList() or
as.personList(). Please use c() on person objects instead.
Package CITATION file contains call(s) to old-style citEntry(). Please
use bibentry() instead.
Flavors: r-devel-linux-x86_64-debian-clang, r-devel-linux-x86_64-debian-gcc
These binaries (installable software) and packages are in development.
They may not be fully stable and should be used with caution. We make no claims about them.