Last updated on 2025-05-01 22:49:49 CEST.
Flavor | Version | Tinstall | Tcheck | Ttotal | Status | Flags |
---|---|---|---|---|---|---|
r-devel-linux-x86_64-debian-clang | 0.3-81 | 6.30 | 29.61 | 35.91 | NOTE | |
r-devel-linux-x86_64-debian-gcc | 0.3-81 | 4.94 | 21.93 | 26.87 | OK | |
r-devel-linux-x86_64-fedora-clang | 0.3-81 | 56.15 | OK | |||
r-devel-linux-x86_64-fedora-gcc | 0.3-81 | 52.18 | OK | |||
r-devel-windows-x86_64 | 0.3-81 | 13.00 | 58.00 | 71.00 | OK | |
r-patched-linux-x86_64 | 0.3-81 | 6.10 | 27.62 | 33.72 | OK | |
r-release-linux-x86_64 | OK | |||||
r-release-macos-arm64 | 0.3-81 | 21.00 | OK | |||
r-release-macos-x86_64 | 0.3-81 | 40.00 | OK | |||
r-release-windows-x86_64 | 0.3-81 | 15.00 | 60.00 | 75.00 | OK | |
r-oldrel-macos-arm64 | 0.3-81 | 21.00 | OK | |||
r-oldrel-macos-x86_64 | 0.3-81 | 36.00 | OK | |||
r-oldrel-windows-x86_64 | 0.3-81 | 18.00 | 59.00 | 77.00 | OK |
Version: 0.3-81
Check: examples
Result: NOTE
Examples with CPU (user + system) or elapsed time > 5s
user system elapsed
envelope 5.438 0.009 6.853
Flavor: r-devel-linux-x86_64-debian-clang
These binaries (installable software) and packages are in development.
They may not be fully stable and should be used with caution. We make no claims about them.