Last updated on 2025-05-03 22:50:01 CEST.
Flavor | Version | Tinstall | Tcheck | Ttotal | Status | Flags |
---|---|---|---|---|---|---|
r-devel-linux-x86_64-debian-clang | 2.2.2 | 3.52 | 56.31 | 59.83 | NOTE | |
r-devel-linux-x86_64-debian-gcc | 2.2.2 | 2.62 | 39.27 | 41.89 | NOTE | |
r-devel-linux-x86_64-fedora-clang | 2.2.2 | 95.47 | OK | |||
r-devel-linux-x86_64-fedora-gcc | 2.2.2 | 94.70 | OK | |||
r-devel-windows-x86_64 | 2.2.2 | 4.00 | 72.00 | 76.00 | OK | |
r-patched-linux-x86_64 | 2.2.2 | 3.84 | 54.23 | 58.07 | OK | |
r-release-linux-x86_64 | OK | |||||
r-release-macos-arm64 | 2.2.2 | 31.00 | OK | |||
r-release-macos-x86_64 | 2.2.2 | 53.00 | OK | |||
r-release-windows-x86_64 | 2.2.2 | 5.00 | 71.00 | 76.00 | OK | |
r-oldrel-macos-arm64 | 2.2.2 | 27.00 | OK | |||
r-oldrel-macos-x86_64 | 2.2.2 | 46.00 | OK | |||
r-oldrel-windows-x86_64 | 2.2.2 | 6.00 | 88.00 | 94.00 | OK |
Version: 2.2.2
Check: CRAN incoming feasibility
Result: NOTE
Maintainer: ‘Hasan BULUT <hasan.bulut@omu.edu.tr>’
No Authors@R field in DESCRIPTION.
Please add one, modifying
Authors@R: person(given = "Hasan",
family = "BULUT",
role = c("aut", "cre"),
email = "hasan.bulut@omu.edu.tr")
as necessary.
Flavors: r-devel-linux-x86_64-debian-clang, r-devel-linux-x86_64-debian-gcc
These binaries (installable software) and packages are in development.
They may not be fully stable and should be used with caution. We make no claims about them.