Last updated on 2025-10-23 11:50:18 CEST.
Flavor | Version | Tinstall | Tcheck | Ttotal | Status | Flags |
---|---|---|---|---|---|---|
r-devel-linux-x86_64-debian-clang | 0.6.2 | 9.63 | 76.71 | 86.34 | NOTE | |
r-devel-linux-x86_64-debian-gcc | 0.6.2 | 7.37 | 56.10 | 63.47 | NOTE | |
r-devel-linux-x86_64-fedora-clang | 0.6.2 | 19.00 | 110.82 | 129.82 | OK | |
r-devel-linux-x86_64-fedora-gcc | 0.6.2 | 53.00 | 80.76 | 133.76 | OK | |
r-devel-windows-x86_64 | 0.6.2 | 11.00 | 88.00 | 99.00 | OK | |
r-patched-linux-x86_64 | 0.6.2 | 9.55 | 71.65 | 81.20 | OK | |
r-release-linux-x86_64 | 0.6.2 | 9.86 | 71.26 | 81.12 | OK | |
r-release-macos-arm64 | 0.6.2 | 4.00 | 39.00 | 43.00 | OK | |
r-release-macos-x86_64 | 0.6.2 | 9.00 | 66.00 | 75.00 | OK | |
r-release-windows-x86_64 | 0.6.2 | 12.00 | 91.00 | 103.00 | OK | |
r-oldrel-macos-arm64 | 0.6.2 | 5.00 | 33.00 | 38.00 | NOTE | |
r-oldrel-macos-x86_64 | 0.6.2 | 7.00 | 54.00 | 61.00 | NOTE | |
r-oldrel-windows-x86_64 | 0.6.2 | 15.00 | 114.00 | 129.00 | NOTE |
Version: 0.6.2
Check: CRAN incoming feasibility
Result: NOTE
Maintainer: ‘Dani Irawan <irawan_dani@yahoo.com>’
Package CITATION file contains call(s) to old-style personList() or
as.personList(). Please use c() on person objects instead.
Package CITATION file contains call(s) to old-style citEntry(). Please
use bibentry() instead.
Flavors: r-devel-linux-x86_64-debian-clang, r-devel-linux-x86_64-debian-gcc
Version: 0.6.2
Check: LazyData
Result: NOTE
'LazyData' is specified without a 'data' directory
Flavors: r-oldrel-macos-arm64, r-oldrel-macos-x86_64, r-oldrel-windows-x86_64
These binaries (installable software) and packages are in development.
They may not be fully stable and should be used with caution. We make no claims about them.