Last updated on 2025-11-22 19:50:34 CET.
| Flavor | Version | Tinstall | Tcheck | Ttotal | Status | Flags |
|---|---|---|---|---|---|---|
| r-devel-linux-x86_64-debian-clang | 0.1.0 | 17.28 | 119.60 | 136.88 | OK | |
| r-devel-linux-x86_64-debian-gcc | 0.1.0 | 12.31 | 91.60 | 103.91 | OK | |
| r-devel-linux-x86_64-fedora-clang | 0.1.0 | 39.00 | 177.65 | 216.65 | NOTE | |
| r-devel-windows-x86_64 | 0.1.0 | 21.00 | 110.00 | 131.00 | OK | |
| r-patched-linux-x86_64 | 0.1.0 | 16.50 | 113.61 | 130.11 | OK | |
| r-release-linux-x86_64 | 0.1.0 | 17.54 | 114.41 | 131.95 | OK | |
| r-release-macos-arm64 | 0.1.0 | OK | ||||
| r-release-macos-x86_64 | 0.1.0 | 14.00 | 89.00 | 103.00 | OK | |
| r-release-windows-x86_64 | 0.1.0 | 16.00 | 132.00 | 148.00 | OK | |
| r-oldrel-macos-arm64 | 0.1.0 | OK | ||||
| r-oldrel-macos-x86_64 | 0.1.0 | 11.00 | 80.00 | 91.00 | OK | |
| r-oldrel-windows-x86_64 | 0.1.0 | 22.00 | 142.00 | 164.00 | OK |
Version: 0.1.0
Check: dependencies in R code
Result: NOTE
Namespaces in Imports field not imported from:
‘shinythemes’ ‘topicmodels’
All declared Imports should be used.
Flavor: r-devel-linux-x86_64-fedora-clang
These binaries (installable software) and packages are in development.
They may not be fully stable and should be used with caution. We make no claims about them.