Last updated on 2025-02-16 10:50:50 CET.
Flavor | Version | Tinstall | Tcheck | Ttotal | Status | Flags |
---|---|---|---|---|---|---|
r-devel-linux-x86_64-debian-clang | 0.1.0 | 18.24 | 122.02 | 140.26 | OK | |
r-devel-linux-x86_64-debian-gcc | 0.1.0 | 14.25 | 94.69 | 108.94 | OK | |
r-devel-linux-x86_64-fedora-clang | 0.1.0 | 228.51 | NOTE | |||
r-devel-linux-x86_64-fedora-gcc | 0.1.0 | 216.27 | NOTE | |||
r-devel-macos-arm64 | 0.1.0 | 61.00 | OK | |||
r-devel-macos-x86_64 | 0.1.0 | 105.00 | OK | |||
r-devel-windows-x86_64 | 0.1.0 | 20.00 | 121.00 | 141.00 | OK | |
r-patched-linux-x86_64 | 0.1.0 | 17.13 | 114.85 | 131.98 | OK | |
r-release-linux-x86_64 | 0.1.0 | 16.50 | 115.41 | 131.91 | OK | |
r-release-macos-arm64 | 0.1.0 | 62.00 | OK | |||
r-release-macos-x86_64 | 0.1.0 | 95.00 | OK | |||
r-release-windows-x86_64 | 0.1.0 | 19.00 | 118.00 | 137.00 | OK | |
r-oldrel-macos-arm64 | 0.1.0 | 82.00 | OK | |||
r-oldrel-macos-x86_64 | 0.1.0 | 122.00 | OK | |||
r-oldrel-windows-x86_64 | 0.1.0 | 22.00 | 172.00 | 194.00 | OK |
Version: 0.1.0
Check: dependencies in R code
Result: NOTE
Namespaces in Imports field not imported from:
‘ngram’ ‘shinythemes’ ‘topicmodels’
All declared Imports should be used.
Flavors: r-devel-linux-x86_64-fedora-clang, r-devel-linux-x86_64-fedora-gcc
These binaries (installable software) and packages are in development.
They may not be fully stable and should be used with caution. We make no claims about them.