CRAN Package Check Results for Package MadanTextNetwork

Last updated on 2025-07-27 01:48:26 CEST.

Flavor Version Tinstall Tcheck Ttotal Status Flags
r-devel-linux-x86_64-debian-clang 0.1.0 17.12 124.44 141.56 OK
r-devel-linux-x86_64-debian-gcc 0.1.0 13.72 94.66 108.38 OK
r-devel-linux-x86_64-fedora-clang 0.1.0 227.48 NOTE
r-devel-linux-x86_64-fedora-gcc 0.1.0 221.15 NOTE
r-devel-windows-x86_64 0.1.0 19.00 117.00 136.00 OK
r-patched-linux-x86_64 0.1.0 17.58 115.51 133.09 OK
r-release-linux-x86_64 0.1.0 17.67 116.70 134.37 OK
r-release-macos-arm64 0.1.0 61.00 OK
r-release-macos-x86_64 0.1.0 105.00 OK
r-release-windows-x86_64 0.1.0 17.00 132.00 149.00 OK
r-oldrel-macos-arm64 0.1.0 62.00 OK
r-oldrel-macos-x86_64 0.1.0 95.00 OK
r-oldrel-windows-x86_64 0.1.0 24.00 145.00 169.00 OK

Check Details

Version: 0.1.0
Check: dependencies in R code
Result: NOTE Namespaces in Imports field not imported from: ‘ngram’ ‘shinythemes’ ‘topicmodels’ All declared Imports should be used. Flavors: r-devel-linux-x86_64-fedora-clang, r-devel-linux-x86_64-fedora-gcc

These binaries (installable software) and packages are in development.
They may not be fully stable and should be used with caution. We make no claims about them.