CRAN Package Check Results for Package Maeswrap

Last updated on 2025-05-21 23:48:47 CEST.

Flavor Version Tinstall Tcheck Ttotal Status Flags
r-devel-linux-x86_64-debian-clang 1.7 5.46 40.92 46.38 NOTE
r-devel-linux-x86_64-debian-gcc 1.7 4.27 32.00 36.27 NOTE
r-devel-linux-x86_64-fedora-clang 1.7 74.70 OK
r-devel-linux-x86_64-fedora-gcc 1.7 72.87 OK
r-devel-windows-x86_64 1.7 7.00 61.00 68.00 OK
r-patched-linux-x86_64 1.7 5.29 38.71 44.00 OK
r-release-linux-x86_64 1.7 5.56 39.07 44.63 OK
r-release-macos-arm64 1.7 34.00 OK
r-release-macos-x86_64 1.7 40.00 OK
r-release-windows-x86_64 1.7 7.00 62.00 69.00 OK
r-oldrel-macos-arm64 1.7 24.00 OK
r-oldrel-macos-x86_64 1.7 34.00 OK
r-oldrel-windows-x86_64 1.7 9.00 70.00 79.00 OK

Check Details

Version: 1.7
Check: CRAN incoming feasibility
Result: NOTE Maintainer: ‘Remko Duursma <remkoduursma@gmail.com>’ No Authors@R field in DESCRIPTION. Please add one, modifying Authors@R: person(given = "Remko", family = "Duursma", role = c("aut", "cre"), email = "remkoduursma@gmail.com") as necessary. Flavors: r-devel-linux-x86_64-debian-clang, r-devel-linux-x86_64-debian-gcc

These binaries (installable software) and packages are in development.
They may not be fully stable and should be used with caution. We make no claims about them.