CRAN Package Check Results for Package MakefileR

Last updated on 2025-02-02 14:48:26 CET.

Flavor Version Tinstall Tcheck Ttotal Status Flags
r-devel-linux-x86_64-debian-clang 1.0 1.85 22.77 24.62 OK
r-devel-linux-x86_64-debian-gcc 1.0 1.34 19.05 20.39 OK
r-devel-linux-x86_64-fedora-clang 1.0 41.81 OK
r-devel-linux-x86_64-fedora-gcc 1.0 64.35 OK
r-devel-windows-x86_64 1.0 3.00 47.00 50.00 OK
r-patched-linux-x86_64 1.0 1.90 21.76 23.66 NOTE
r-release-linux-x86_64 1.0 1.62 21.70 23.32 NOTE
r-release-macos-arm64 1.0 25.00 NOTE
r-release-macos-x86_64 1.0 48.00 NOTE
r-release-windows-x86_64 1.0 4.00 46.00 50.00 NOTE
r-oldrel-macos-arm64 1.0 27.00 NOTE
r-oldrel-macos-x86_64 1.0 41.00 NOTE
r-oldrel-windows-x86_64 1.0 3.00 48.00 51.00 NOTE

Check Details

Version: 1.0
Check: LazyData
Result: NOTE 'LazyData' is specified without a 'data' directory Flavors: r-patched-linux-x86_64, r-release-linux-x86_64, r-release-macos-arm64, r-release-macos-x86_64, r-release-windows-x86_64, r-oldrel-macos-arm64, r-oldrel-macos-x86_64, r-oldrel-windows-x86_64

These binaries (installable software) and packages are in development.
They may not be fully stable and should be used with caution. We make no claims about them.