Last updated on 2025-02-16 10:50:50 CET.
Flavor | Version | Tinstall | Tcheck | Ttotal | Status | Flags |
---|---|---|---|---|---|---|
r-devel-linux-x86_64-debian-clang | 1.21 | 3.05 | 46.21 | 49.26 | NOTE | |
r-devel-linux-x86_64-debian-gcc | 1.21 | 2.46 | 33.68 | 36.14 | NOTE | |
r-devel-linux-x86_64-fedora-clang | 1.21 | 81.17 | NOTE | |||
r-devel-linux-x86_64-fedora-gcc | 1.21 | 88.41 | NOTE | |||
r-devel-macos-arm64 | 1.21 | 31.00 | NOTE | |||
r-devel-macos-x86_64 | 1.21 | 60.00 | NOTE | |||
r-devel-windows-x86_64 | 1.21 | 6.00 | 75.00 | 81.00 | NOTE | |
r-patched-linux-x86_64 | 1.21 | 3.77 | 43.58 | 47.35 | NOTE | |
r-release-linux-x86_64 | 1.21 | 3.80 | 43.33 | 47.13 | NOTE | |
r-release-macos-arm64 | 1.21 | 31.00 | NOTE | |||
r-release-macos-x86_64 | 1.21 | 65.00 | NOTE | |||
r-release-windows-x86_64 | 1.21 | 4.00 | 75.00 | 79.00 | NOTE | |
r-oldrel-macos-arm64 | 1.21 | 34.00 | OK | |||
r-oldrel-macos-x86_64 | 1.21 | 55.00 | OK | |||
r-oldrel-windows-x86_64 | 1.21 | 5.00 | 82.00 | 87.00 | OK |
Version: 1.21
Check: Rd files
Result: NOTE
checkRd: (-1) MangroveTree.Rd:37: Lost braces
37 | An object of class \\code{\link[Mangrove]{MangrovePed}}
| ^
Flavors: r-devel-linux-x86_64-debian-clang, r-devel-linux-x86_64-debian-gcc, r-devel-linux-x86_64-fedora-clang, r-devel-linux-x86_64-fedora-gcc, r-devel-macos-arm64, r-devel-macos-x86_64, r-devel-windows-x86_64, r-patched-linux-x86_64, r-release-linux-x86_64, r-release-macos-arm64, r-release-macos-x86_64, r-release-windows-x86_64
These binaries (installable software) and packages are in development.
They may not be fully stable and should be used with caution. We make no claims about them.