Last updated on 2025-05-21 17:52:17 CEST.
Flavor | Version | Tinstall | Tcheck | Ttotal | Status | Flags |
---|---|---|---|---|---|---|
r-devel-linux-x86_64-debian-clang | 1.0.1 | 170.74 | 25.15 | 195.89 | OK | |
r-devel-linux-x86_64-debian-gcc | 1.0.1 | 118.19 | 20.28 | 138.47 | OK | |
r-devel-linux-x86_64-fedora-clang | 1.0.1 | 501.47 | OK | |||
r-devel-linux-x86_64-fedora-gcc | 1.0.1 | 434.87 | OK | |||
r-devel-windows-x86_64 | 1.0.1 | 503.00 | 74.00 | 577.00 | OK | |
r-patched-linux-x86_64 | 1.0.1 | 164.80 | 24.00 | 188.80 | OK | |
r-release-linux-x86_64 | 1.0.1 | 163.64 | 24.19 | 187.83 | OK | |
r-release-macos-arm64 | 1.0.1 | 106.00 | OK | |||
r-release-macos-x86_64 | 1.0.1 | 85.00 | OK | |||
r-release-windows-x86_64 | 1.0.1 | 508.00 | 88.00 | 596.00 | OK | |
r-oldrel-macos-arm64 | 1.0.1 | 79.00 | NOTE | |||
r-oldrel-macos-x86_64 | 1.0.1 | 66.00 | NOTE | |||
r-oldrel-windows-x86_64 | 1.0.1 | 492.00 | 85.00 | 577.00 | OK |
Version: 1.0.1
Check: installed package size
Result: NOTE
installed size is 10.1Mb
sub-directories of 1Mb or more:
libs 9.8Mb
Flavors: r-oldrel-macos-arm64, r-oldrel-macos-x86_64
These binaries (installable software) and packages are in development.
They may not be fully stable and should be used with caution. We make no claims about them.