Last updated on 2025-02-24 17:50:49 CET.
Flavor | Version | Tinstall | Tcheck | Ttotal | Status | Flags |
---|---|---|---|---|---|---|
r-devel-linux-x86_64-debian-clang | 2.0.1 | 3.49 | 31.21 | 34.70 | OK | |
r-devel-linux-x86_64-debian-gcc | 2.0.1 | 2.70 | 23.05 | 25.75 | OK | |
r-devel-linux-x86_64-fedora-clang | 2.0.1 | 55.92 | NOTE | |||
r-devel-linux-x86_64-fedora-gcc | 2.0.1 | 52.14 | NOTE | |||
r-devel-macos-arm64 | 2.0.1 | 22.00 | OK | |||
r-devel-macos-x86_64 | 2.0.1 | 40.00 | OK | |||
r-devel-windows-x86_64 | 2.0.1 | 6.00 | 53.00 | 59.00 | OK | |
r-patched-linux-x86_64 | 2.0.1 | 2.83 | 29.57 | 32.40 | OK | |
r-release-linux-x86_64 | 2.0.1 | 2.51 | 29.71 | 32.22 | OK | |
r-release-macos-arm64 | 2.0.1 | 22.00 | OK | |||
r-release-macos-x86_64 | 2.0.1 | 31.00 | OK | |||
r-release-windows-x86_64 | 2.0.1 | 5.00 | 50.00 | 55.00 | OK | |
r-oldrel-macos-arm64 | 2.0.1 | 21.00 | OK | |||
r-oldrel-macos-x86_64 | 2.0.1 | 36.00 | OK | |||
r-oldrel-windows-x86_64 | 2.0.1 | 6.00 | 56.00 | 62.00 | OK |
Version: 2.0.1
Check: dependencies in R code
Result: NOTE
Namespaces in Imports field not imported from:
‘dplyr’ ‘rlang’ ‘testthat’
All declared Imports should be used.
Flavors: r-devel-linux-x86_64-fedora-clang, r-devel-linux-x86_64-fedora-gcc
These binaries (installable software) and packages are in development.
They may not be fully stable and should be used with caution. We make no claims about them.