CRAN Package Check Results for Package MarginalMediation

Last updated on 2025-02-16 10:50:50 CET.

Flavor Version Tinstall Tcheck Ttotal Status Flags
r-devel-linux-x86_64-debian-clang 0.7.2 5.07 83.28 88.35 NOTE
r-devel-linux-x86_64-debian-gcc 0.7.2 3.86 56.16 60.02 NOTE
r-devel-linux-x86_64-fedora-clang 0.7.2 144.97 NOTE
r-devel-linux-x86_64-fedora-gcc 0.7.2 149.84 NOTE
r-devel-macos-arm64 0.7.2 49.00 NOTE
r-devel-macos-x86_64 0.7.2 102.00 NOTE
r-devel-windows-x86_64 0.7.2 6.00 94.00 100.00 NOTE
r-patched-linux-x86_64 0.7.2 5.07 77.73 82.80 NOTE
r-release-linux-x86_64 0.7.2 4.43 77.96 82.39 NOTE
r-release-macos-arm64 0.7.2 52.00 NOTE
r-release-macos-x86_64 0.7.2 95.00 NOTE
r-release-windows-x86_64 0.7.2 7.00 94.00 101.00 NOTE
r-oldrel-macos-arm64 0.7.2 58.00 NOTE
r-oldrel-macos-x86_64 0.7.2 81.00 NOTE
r-oldrel-windows-x86_64 0.7.2 9.00 121.00 130.00 NOTE

Check Details

Version: 0.7.2
Check: Rd files
Result: NOTE checkRd: (-1) mma.Rd:67: Escaped LaTeX specials: \& Flavors: r-devel-linux-x86_64-debian-clang, r-devel-linux-x86_64-debian-gcc, r-devel-linux-x86_64-fedora-clang, r-devel-linux-x86_64-fedora-gcc, r-devel-macos-arm64, r-devel-macos-x86_64, r-devel-windows-x86_64, r-patched-linux-x86_64, r-release-linux-x86_64, r-release-macos-arm64, r-release-macos-x86_64, r-release-windows-x86_64, r-oldrel-macos-arm64, r-oldrel-macos-x86_64, r-oldrel-windows-x86_64

These binaries (installable software) and packages are in development.
They may not be fully stable and should be used with caution. We make no claims about them.