Last updated on 2025-05-01 10:50:14 CEST.
Flavor | Version | Tinstall | Tcheck | Ttotal | Status | Flags |
---|---|---|---|---|---|---|
r-devel-linux-x86_64-debian-clang | 2.1.5 | 6.34 | 92.69 | 99.03 | NOTE | |
r-devel-linux-x86_64-debian-gcc | 2.1.5 | 4.91 | 66.36 | 71.27 | NOTE | |
r-devel-linux-x86_64-fedora-clang | 2.1.5 | 144.85 | NOTE | |||
r-devel-linux-x86_64-fedora-gcc | 2.1.5 | 160.34 | NOTE | |||
r-devel-windows-x86_64 | 2.1.5 | 9.00 | 339.00 | 348.00 | NOTE | |
r-patched-linux-x86_64 | 2.1.5 | 7.39 | 87.15 | 94.54 | NOTE | |
r-release-linux-x86_64 | NOTE | |||||
r-release-macos-arm64 | 2.1.5 | 213.00 | NOTE | |||
r-release-macos-x86_64 | 2.1.5 | 314.00 | NOTE | |||
r-release-windows-x86_64 | 2.1.5 | 9.00 | 338.00 | 347.00 | NOTE | |
r-oldrel-macos-arm64 | 2.1.5 | 163.00 | NOTE | |||
r-oldrel-macos-x86_64 | 2.1.5 | 258.00 | NOTE | |||
r-oldrel-windows-x86_64 | 2.1.5 | 11.00 | 464.00 | 475.00 | NOTE |
Version: 2.1.5
Check: CRAN incoming feasibility
Result: NOTE
Maintainer: ‘Balazs Dobi <dobibalazs@inf.elte.hu>’
No Authors@R field in DESCRIPTION.
Please add one, modifying
Authors@R: c(person(given = c("Balazs", "Dobi", "&", "Andras"),
family = "Zempleni",
role = "aut"),
person(given = "Balazs",
family = "Dobi",
role = "cre",
email = "dobibalazs@inf.elte.hu"))
as necessary.
Flavors: r-devel-linux-x86_64-debian-clang, r-devel-linux-x86_64-debian-gcc
Version: 2.1.5
Check: Rd files
Result: NOTE
checkRd: (-1) Markovchart.Rd:154: Lost braces
154 | If either \code{h} or \code{k} have length greater than 1, then the \code{G-value} (weighted average of average cost and cost standard deviation) is calculated for all given values without optimisation. The value of the function in this case is a data frame of class code{Markov_grid} with \code{length(h)*length(k)} number of rows and three columns for \code{h}, \code{k} and the \code{G-value}.
| ^
Flavors: r-devel-linux-x86_64-debian-clang, r-devel-linux-x86_64-debian-gcc, r-devel-linux-x86_64-fedora-clang, r-devel-linux-x86_64-fedora-gcc, r-devel-windows-x86_64, r-patched-linux-x86_64, r-release-linux-x86_64, r-release-macos-arm64, r-release-macos-x86_64, r-release-windows-x86_64, r-oldrel-macos-arm64, r-oldrel-macos-x86_64, r-oldrel-windows-x86_64
Version: 2.1.5
Check: examples
Result: NOTE
Examples with CPU (user + system) or elapsed time > 5s
user system elapsed
Markovchart 0.156 0.008 5.689
Flavor: r-devel-linux-x86_64-debian-clang
These binaries (installable software) and packages are in development.
They may not be fully stable and should be used with caution. We make no claims about them.