Last updated on 2025-02-16 10:50:50 CET.
Flavor | Version | Tinstall | Tcheck | Ttotal | Status | Flags |
---|---|---|---|---|---|---|
r-devel-linux-x86_64-debian-clang | 2.1.5 | 8.66 | 133.52 | 142.18 | OK | |
r-devel-linux-x86_64-debian-gcc | 2.1.5 | 6.24 | 87.04 | 93.28 | OK | |
r-devel-linux-x86_64-fedora-clang | 2.1.5 | 217.69 | OK | |||
r-devel-linux-x86_64-fedora-gcc | 2.1.5 | 213.63 | OK | |||
r-devel-macos-arm64 | 2.1.5 | 60.00 | OK | |||
r-devel-macos-x86_64 | 2.1.5 | 128.00 | OK | |||
r-devel-windows-x86_64 | 2.1.5 | 12.00 | 148.00 | 160.00 | ERROR | |
r-patched-linux-x86_64 | 2.1.5 | 10.01 | 121.02 | 131.03 | OK | |
r-release-linux-x86_64 | 2.1.5 | 6.86 | 119.44 | 126.30 | OK | |
r-release-macos-arm64 | 2.1.5 | 61.00 | OK | |||
r-release-macos-x86_64 | 2.1.5 | 109.00 | OK | |||
r-release-windows-x86_64 | 2.1.5 | 12.00 | 136.00 | 148.00 | OK | |
r-oldrel-macos-arm64 | 2.1.5 | 61.00 | OK | |||
r-oldrel-macos-x86_64 | 2.1.5 | 105.00 | OK | |||
r-oldrel-windows-x86_64 | 2.1.5 | 13.00 | 174.00 | 187.00 | ERROR |
Version: 2.1.5
Check: tests
Result: ERROR
Running 'testthat.R' [41s]
Running the tests in 'tests/testthat.R' failed.
Complete output:
> library(testthat)
> library(MassWateR)
>
> test_check("MassWateR")
Attaching package: 'lubridate'
The following objects are masked from 'package:base':
date, intersect, setdiff, union
Attaching package: 'dplyr'
The following object is masked from 'package:testthat':
matches
The following objects are masked from 'package:stats':
filter, lag
The following objects are masked from 'package:base':
intersect, setdiff, setequal, union
Running checks on data quality objectives for accuracy...
Running checks on data quality objectives for accuracy...
Checking column names... OK
Running checks on data quality objectives for accuracy...
Checking column names... OK
Checking all required columns are present... OK
Running checks on data quality objectives for accuracy...
Checking column names... OK
Checking all required columns are present... OK
Checking column types... OK
Checking no "na" in Value Range... OK
Checking for text other than <=, ≤, <, >=, ≥, >, ±, %, AQL, BQL, log, or all... OK
Checking overlaps in Value Range... OK
Checking gaps in Value Range... OK
Checking Parameter formats... OK
Checking for missing entries for unit (uom)... OK
Checking if more than one unit (uom) per Parameter... OK
Checking acceptable units (uom) for each entry in Parameter... OK
Checking empty columns... WARNING
All checks passed (1 WARNING(s))!
Running checks on data quality objectives for accuracy...
Checking column names... OK
Checking all required columns are present... OK
Checking column types... OK
Checking no "na" in Value Range... OK
Running checks on data quality objectives for accuracy...
Checking column names... OK
Checking all required columns are present... OK
Checking column types... OK
Checking no "na" in Value Range... OK
Checking for text other than <=, ≤, <, >=, ≥, >, ±, %, AQL, BQL, log, or all... OK
Running checks on data quality objectives for accuracy...
Checking column names... OK
Checking all required columns are present... OK
Checking column types... OK
Checking no "na" in Value Range... OK
Checking for text other than <=, ≤, <, >=, ≥, >, ±, %, AQL, BQL, log, or all... OK
Checking overlaps in Value Range... OK
Checking gaps in Value Range... WARNING
Checking Parameter formats... OK
Checking for missing entries for unit (uom)... OK
Checking if more than one unit (uom) per Parameter... OK
Checking acceptable units (uom) for each entry in Parameter... OK
Checking empty columns... OK
All checks passed (1 WARNING(s))!
Running checks on data quality objectives for accuracy...
Checking column names... OK
Checking all required columns are present... OK
Checking column types... OK
Checking no "na" in Value Range... OK
Checking for text other than <=, ≤, <, >=, ≥, >, ±, %, AQL, BQL, log, or all... OK
Checking overlaps in Value Range... OK
Checking gaps in Value Range... OK
Checking Parameter formats... OK
Running checks on data quality objectives for accuracy...
Checking column names... OK
Checking all required columns are present... OK
Checking column types... OK
Checking no "na" in Value Range... OK
Checking for text other than <=, ≤, <, >=, ≥, >, ±, %, AQL, BQL, log, or all... OK
Checking overlaps in Value Range... OK
Checking gaps in Value Range... OK
Checking Parameter formats... OK
Checking for missing entries for unit (uom)... OK
Running checks on data quality objectives for accuracy...
Checking column names... OK
Checking all required columns are present... OK
Checking column types... OK
Checking no "na" in Value Range... OK
Checking for text other than <=, ≤, <, >=, ≥, >, ±, %, AQL, BQL, log, or all... OK
Checking overlaps in Value Range... OK
Checking gaps in Value Range... WARNING
Running checks on data quality objectives for accuracy...
Checking column names... OK
Checking all required columns are present... OK
Checking column types... OK
Checking no "na" in Value Range... OK
Checking for text other than <=, ≤, <, >=, ≥, >, ±, %, AQL, BQL, log, or all... OK
Checking overlaps in Value Range... OK
Checking gaps in Value Range... OK
Checking Parameter formats... OK
Checking for missing entries for unit (uom)... OK
Checking if more than one unit (uom) per Parameter... OK
Running checks on data quality objectives for accuracy...
Checking column names... OK
Checking all required columns are present... OK
Checking column types... OK
Checking no "na" in Value Range... OK
Checking for text other than <=, ≤, <, >=, ≥, >, ±, %, AQL, BQL, log, or all... OK
Checking overlaps in Value Range... OK
Checking gaps in Value Range... OK
Checking Parameter formats... OK
Checking for missing entries for unit (uom)... OK
Checking if more than one unit (uom) per Parameter... OK
Checking acceptable units (uom) for each entry in Parameter... OK
Checking empty columns... WARNING
All checks passed (1 WARNING(s))!
Running checks on data quality objectives for accuracy...
Checking column names... OK
Checking all required columns are present... OK
Checking column types... OK
Running checks on data quality objectives for frequency and completeness...
Running checks on data quality objectives for frequency and completeness...
Checking column names... OK
Running checks on data quality objectives for frequency and completeness...
Checking column names... OK
Checking all required columns are present... OK
Running checks on data quality objectives for frequency and completeness...
Checking column names... OK
Checking all required columns are present... OK
Checking for non-numeric values... OK
Running checks on data quality objectives for frequency and completeness...
Checking column names... OK
Checking all required columns are present... OK
Checking for non-numeric values... OK
Checking for values outside of 0 and 100... OK
Running checks on data quality objectives for frequency and completeness...
Checking column names... OK
Checking all required columns are present... OK
Checking for non-numeric values... OK
Checking for values outside of 0 and 100... OK
Checking Parameter formats... OK
Checking empty columns... WARNING
All checks passed (1 WARNING(s))!
Running checks on results data...
Running checks on results data...
Checking column names... OK
Running checks on results data...
Checking column names... OK
Checking all required columns are present... OK
Running checks on results data...
Checking column names... OK
Checking all required columns are present... OK
Checking valid Activity Types... OK
Running checks on results data...
Checking column names... OK
Checking all required columns are present... OK
Checking valid Activity Types... OK
Checking Activity Start Date formats... OK
Running checks on results data...
Checking column names... OK
Checking all required columns are present... OK
Checking valid Activity Types... OK
Checking Activity Start Date formats... OK
Checking depth data present... OK
Running checks on results data...
Checking column names... OK
Checking all required columns are present... OK
Checking valid Activity Types... OK
Checking Activity Start Date formats... OK
Checking depth data present... OK
Checking for non-numeric values in Activity Depth/Height Measure... OK
Running checks on results data...
Checking column names... OK
Checking all required columns are present... OK
Checking valid Activity Types... OK
Checking Activity Start Date formats... OK
Checking depth data present... OK
Checking for non-numeric values in Activity Depth/Height Measure... OK
Checking Activity Depth/Height Unit... OK
Checking Activity Relative Depth Name formats... OK
Checking values in Activity Depth/Height Measure > 1 m / 3.3 ft... WARNING
Checking Characteristic Name formats... OK
Checking Result Values... OK
Checking for non-numeric values in Quantitation Limit... OK
Checking QC Reference Values... OK
Checking for missing entries for Result Unit... OK
Checking if more than one unit per Characteristic Name... OK
Checking acceptable units for each entry in Characteristic Name... OK
All checks passed (1 WARNING(s))!
Running checks on results data...
Checking column names... OK
Checking all required columns are present... OK
Checking valid Activity Types... OK
Checking Activity Start Date formats... OK
Checking depth data present... OK
Checking for non-numeric values in Activity Depth/Height Measure... OK
Checking Activity Depth/Height Unit... OK
Checking Activity Relative Depth Name formats... WARNING
Checking values in Activity Depth/Height Measure > 1 m / 3.3 ft... OK
Checking Characteristic Name formats... OK
Checking Result Values... OK
Checking for non-numeric values in Quantitation Limit... OK
Checking QC Reference Values... OK
Checking for missing entries for Result Unit... OK
Checking if more than one unit per Characteristic Name... OK
Checking acceptable units for each entry in Characteristic Name... OK
All checks passed (1 WARNING(s))!
Running checks on results data...
Checking column names... OK
Checking all required columns are present... OK
Checking valid Activity Types... OK
Checking Activity Start Date formats... OK
Checking depth data present... OK
Checking for non-numeric values in Activity Depth/Height Measure... OK
Checking Activity Depth/Height Unit... OK
Checking Activity Relative Depth Name formats... OK
Checking values in Activity Depth/Height Measure > 1 m / 3.3 ft... OK
Checking Characteristic Name formats... WARNING
Checking Result Values... OK
Checking for non-numeric values in Quantitation Limit... OK
Checking QC Reference Values... OK
Checking for missing entries for Result Unit... OK
Checking if more than one unit per Characteristic Name... OK
Checking acceptable units for each entry in Characteristic Name... OK
All checks passed (1 WARNING(s))!
Running checks on results data...
Checking column names... OK
Checking all required columns are present... OK
Checking valid Activity Types... OK
Checking Activity Start Date formats... OK
Checking depth data present... OK
Checking for non-numeric values in Activity Depth/Height Measure... OK
Checking Activity Depth/Height Unit... OK
Checking Activity Relative Depth Name formats... OK
Checking values in Activity Depth/Height Measure > 1 m / 3.3 ft... OK
Checking Characteristic Name formats... OK
Checking Result Values... OK
Running checks on results data...
Checking column names... OK
Checking all required columns are present... OK
Checking valid Activity Types... OK
Checking Activity Start Date formats... OK
Checking depth data present... OK
Checking for non-numeric values in Activity Depth/Height Measure... OK
Checking Activity Depth/Height Unit... OK
Checking Activity Relative Depth Name formats... OK
Checking values in Activity Depth/Height Measure > 1 m / 3.3 ft... OK
Checking Characteristic Name formats... OK
Running checks on results data...
Checking column names... OK
Checking all required columns are present... OK
Checking valid Activity Types... OK
Checking Activity Start Date formats... OK
Checking depth data present... OK
Checking for non-numeric values in Activity Depth/Height Measure... OK
Checking Activity Depth/Height Unit... OK
Checking Activity Relative Depth Name formats... OK
Checking values in Activity Depth/Height Measure > 1 m / 3.3 ft... OK
Checking Characteristic Name formats... OK
Checking Result Values... OK
Checking for non-numeric values in Quantitation Limit... OK
Running checks on results data...
Checking column names... OK
Checking all required columns are present... OK
Checking valid Activity Types... OK
Checking Activity Start Date formats... OK
Checking depth data present... OK
Checking for non-numeric values in Activity Depth/Height Measure... OK
Checking Activity Depth/Height Unit... OK
Checking Activity Relative Depth Name formats... OK
Checking values in Activity Depth/Height Measure > 1 m / 3.3 ft... OK
Checking Characteristic Name formats... OK
Checking Result Values... OK
Checking for non-numeric values in Quantitation Limit... OK
Checking QC Reference Values... OK
Running checks on results data...
Checking column names... OK
Checking all required columns are present... OK
Checking valid Activity Types... OK
Checking Activity Start Date formats... OK
Checking depth data present... OK
Checking for non-numeric values in Activity Depth/Height Measure... OK
Checking Activity Depth/Height Unit... OK
Checking Activity Relative Depth Name formats... OK
Checking values in Activity Depth/Height Measure > 1 m / 3.3 ft... OK
Checking Characteristic Name formats... OK
Checking Result Values... OK
Checking for non-numeric values in Quantitation Limit... OK
Checking QC Reference Values... OK
Checking for missing entries for Result Unit... OK
Running checks on results data...
Checking column names... OK
Checking all required columns are present... OK
Checking valid Activity Types... OK
Checking Activity Start Date formats... OK
Checking depth data present... OK
Checking for non-numeric values in Activity Depth/Height Measure... OK
Checking Activity Depth/Height Unit... OK
Checking Activity Relative Depth Name formats... OK
Checking values in Activity Depth/Height Measure > 1 m / 3.3 ft... OK
Checking Characteristic Name formats... OK
Checking Result Values... OK
Checking for non-numeric values in Quantitation Limit... OK
Checking QC Reference Values... OK
Checking for missing entries for Result Unit... OK
Checking if more than one unit per Characteristic Name... OK
Running checks on results data...
Checking column names... OK
Checking all required columns are present... OK
Checking valid Activity Types... OK
Checking Activity Start Date formats... OK
Checking depth data present... OK
Checking for non-numeric values in Activity Depth/Height Measure... OK
Checking Activity Depth/Height Unit... OK
Checking Activity Relative Depth Name formats... OK
Checking values in Activity Depth/Height Measure > 1 m / 3.3 ft... OK
Checking Characteristic Name formats... OK
Checking Result Values... OK
Checking for non-numeric values in Quantitation Limit... OK
Checking QC Reference Values... OK
Checking for missing entries for Result Unit... OK
Checking if more than one unit per Characteristic Name... OK
Checking acceptable units for each entry in Characteristic Name... OK
Running checks on site metadata...
Running checks on site metadata...
Checking column names... OK
Running checks on site metadata...
Checking column names... OK
Checking all required columns are present... OK
Running checks on site metadata...
Checking column names... OK
Checking all required columns are present... OK
Checking for missing latitude or longitude values... OK
Running checks on site metadata...
Checking column names... OK
Checking all required columns are present... OK
Checking for missing latitude or longitude values... OK
Checking for non-numeric values in latitude... OK
Running checks on site metadata...
Checking column names... OK
Checking all required columns are present... OK
Checking for missing latitude or longitude values... OK
Checking for non-numeric values in latitude... OK
Checking for non-numeric values in longitude... OK
Running checks on site metadata...
Checking column names... OK
Checking all required columns are present... OK
Checking for missing latitude or longitude values... OK
Checking for non-numeric values in latitude... OK
Checking for non-numeric values in longitude... OK
Checking for positive values in longitude... OK
Running checks on WQX metadata...
Running checks on WQX metadata...
Checking column names... OK
Running checks on WQX metadata...
Checking column names... OK
Checking all required columns are present... OK
Running checks on WQX metadata...
Checking column names... OK
Checking all required columns are present... OK
Checking unique parameters... OK
Checking Parameter formats... WARNING
All checks passed (1 WARNING(s))!
Running checks on data quality objectives for frequency and completeness...
Checking column names... OK
Checking all required columns are present... OK
Checking for non-numeric values... OK
Checking for values outside of 0 and 100... OK
Checking Parameter formats... OK
Checking empty columns... OK
All checks passed!
Running checks on data quality objectives for accuracy...
Checking column names... OK
Checking all required columns are present... OK
Checking column types... OK
Checking no "na" in Value Range... OK
Checking for text other than <=, ≤, <, >=, ≥, >, ±, %, AQL, BQL, log, or all... OK
Checking overlaps in Value Range... OK
Checking gaps in Value Range... OK
Checking Parameter formats... OK
Checking for missing entries for unit (uom)... OK
Checking if more than one unit (uom) per Parameter... OK
Checking acceptable units (uom) for each entry in Parameter... OK
Checking empty columns... OK
All checks passed!
Running checks on data quality objectives for frequency and completeness...
Checking column names... OK
Checking all required columns are present... OK
Checking for non-numeric values... OK
Checking for values outside of 0 and 100... OK
Checking Parameter formats... OK
Checking empty columns... OK
All checks passed!
Running checks on results data...
Checking column names... OK
Checking all required columns are present... OK
Checking valid Activity Types... OK
Checking Activity Start Date formats... OK
Checking depth data present... OK
Checking for non-numeric values in Activity Depth/Height Measure... OK
Checking Activity Depth/Height Unit... OK
Checking Activity Relative Depth Name formats... OK
Checking values in Activity Depth/Height Measure > 1 m / 3.3 ft... OK
Checking Characteristic Name formats... OK
Checking Result Values... OK
Checking for non-numeric values in Quantitation Limit... OK
Checking QC Reference Values... OK
Checking for missing entries for Result Unit... OK
Checking if more than one unit per Characteristic Name... OK
Checking acceptable units for each entry in Characteristic Name... OK
All checks passed!
Running checks on results data...
Checking column names... OK
Checking all required columns are present... OK
Checking valid Activity Types... OK
Checking Activity Start Date formats... OK
Checking depth data present... OK
Checking for non-numeric values in Activity Depth/Height Measure... OK
Checking Activity Depth/Height Unit... OK
Checking Activity Relative Depth Name formats... OK
Checking values in Activity Depth/Height Measure > 1 m / 3.3 ft... OK
Checking Characteristic Name formats... OK
Checking Result Values... OK
Checking for non-numeric values in Quantitation Limit... OK
Checking QC Reference Values... OK
Checking for missing entries for Result Unit... OK
Checking if more than one unit per Characteristic Name... OK
Checking acceptable units for each entry in Characteristic Name... OK
All checks passed!
Running checks on site metadata...
Checking column names... OK
Checking all required columns are present... OK
Checking for missing latitude or longitude values... OK
Checking for non-numeric values in latitude... OK
Checking for non-numeric values in longitude... OK
Checking for positive values in longitude... OK
Checking for missing entries for Monitoring Location ID... OK
All checks passed!
Running checks on WQX metadata...
Checking column names... OK
Checking all required columns are present... OK
Checking unique parameters... OK
Checking Parameter formats... OK
All checks passed!
Running checks on WQX metadata...
Checking column names... OK
Checking all required columns are present... OK
Checking unique parameters... OK
Checking Parameter formats... OK
All checks passed!
Timeout was reached [raw.githubusercontent.com]: Operation timed out after 10000 milliseconds with 2682944 out of 4591861 bytes received
[ FAIL 1 | WARN 49 | SKIP 5 | PASS 188 ]
══ Skipped tests (5) ═══════════════════════════════════════════════════════════
• On CRAN (5): 'test-anlzMWRmap.R:2:3', 'test-anlzMWRmap.R:8:3',
'test-anlzMWRmap.R:14:3', 'test-anlzMWRmap.R:24:3', 'test-anlzMWRmap.R:30:3'
══ Failed tests ════════════════════════════════════════════════════════════════
── Failure ('test-utilMWRhttpgrace.R:8:3'): Checking sf output ─────────────────
`resp` is not an S3 object
[ FAIL 1 | WARN 49 | SKIP 5 | PASS 188 ]
Error: Test failures
Execution halted
Flavor: r-devel-windows-x86_64
Version: 2.1.5
Check: tests
Result: ERROR
Running 'testthat.R' [51s]
Running the tests in 'tests/testthat.R' failed.
Complete output:
> library(testthat)
> library(MassWateR)
>
> test_check("MassWateR")
Attaching package: 'lubridate'
The following objects are masked from 'package:base':
date, intersect, setdiff, union
Attaching package: 'dplyr'
The following object is masked from 'package:testthat':
matches
The following objects are masked from 'package:stats':
filter, lag
The following objects are masked from 'package:base':
intersect, setdiff, setequal, union
Running checks on data quality objectives for accuracy...
Running checks on data quality objectives for accuracy...
Checking column names... OK
Running checks on data quality objectives for accuracy...
Checking column names... OK
Checking all required columns are present... OK
Running checks on data quality objectives for accuracy...
Checking column names... OK
Checking all required columns are present... OK
Checking column types... OK
Checking no "na" in Value Range... OK
Checking for text other than <=, ≤, <, >=, ≥, >, ±, %, AQL, BQL, log, or all... OK
Checking overlaps in Value Range... OK
Checking gaps in Value Range... OK
Checking Parameter formats... OK
Checking for missing entries for unit (uom)... OK
Checking if more than one unit (uom) per Parameter... OK
Checking acceptable units (uom) for each entry in Parameter... OK
Checking empty columns... WARNING
All checks passed (1 WARNING(s))!
Running checks on data quality objectives for accuracy...
Checking column names... OK
Checking all required columns are present... OK
Checking column types... OK
Checking no "na" in Value Range... OK
Running checks on data quality objectives for accuracy...
Checking column names... OK
Checking all required columns are present... OK
Checking column types... OK
Checking no "na" in Value Range... OK
Checking for text other than <=, ≤, <, >=, ≥, >, ±, %, AQL, BQL, log, or all... OK
Running checks on data quality objectives for accuracy...
Checking column names... OK
Checking all required columns are present... OK
Checking column types... OK
Checking no "na" in Value Range... OK
Checking for text other than <=, ≤, <, >=, ≥, >, ±, %, AQL, BQL, log, or all... OK
Checking overlaps in Value Range... OK
Checking gaps in Value Range... WARNING
Checking Parameter formats... OK
Checking for missing entries for unit (uom)... OK
Checking if more than one unit (uom) per Parameter... OK
Checking acceptable units (uom) for each entry in Parameter... OK
Checking empty columns... OK
All checks passed (1 WARNING(s))!
Running checks on data quality objectives for accuracy...
Checking column names... OK
Checking all required columns are present... OK
Checking column types... OK
Checking no "na" in Value Range... OK
Checking for text other than <=, ≤, <, >=, ≥, >, ±, %, AQL, BQL, log, or all... OK
Checking overlaps in Value Range... OK
Checking gaps in Value Range... OK
Checking Parameter formats... OK
Running checks on data quality objectives for accuracy...
Checking column names... OK
Checking all required columns are present... OK
Checking column types... OK
Checking no "na" in Value Range... OK
Checking for text other than <=, ≤, <, >=, ≥, >, ±, %, AQL, BQL, log, or all... OK
Checking overlaps in Value Range... OK
Checking gaps in Value Range... OK
Checking Parameter formats... OK
Checking for missing entries for unit (uom)... OK
Running checks on data quality objectives for accuracy...
Checking column names... OK
Checking all required columns are present... OK
Checking column types... OK
Checking no "na" in Value Range... OK
Checking for text other than <=, ≤, <, >=, ≥, >, ±, %, AQL, BQL, log, or all... OK
Checking overlaps in Value Range... OK
Checking gaps in Value Range... WARNING
Running checks on data quality objectives for accuracy...
Checking column names... OK
Checking all required columns are present... OK
Checking column types... OK
Checking no "na" in Value Range... OK
Checking for text other than <=, ≤, <, >=, ≥, >, ±, %, AQL, BQL, log, or all... OK
Checking overlaps in Value Range... OK
Checking gaps in Value Range... OK
Checking Parameter formats... OK
Checking for missing entries for unit (uom)... OK
Checking if more than one unit (uom) per Parameter... OK
Running checks on data quality objectives for accuracy...
Checking column names... OK
Checking all required columns are present... OK
Checking column types... OK
Checking no "na" in Value Range... OK
Checking for text other than <=, ≤, <, >=, ≥, >, ±, %, AQL, BQL, log, or all... OK
Checking overlaps in Value Range... OK
Checking gaps in Value Range... OK
Checking Parameter formats... OK
Checking for missing entries for unit (uom)... OK
Checking if more than one unit (uom) per Parameter... OK
Checking acceptable units (uom) for each entry in Parameter... OK
Checking empty columns... WARNING
All checks passed (1 WARNING(s))!
Running checks on data quality objectives for accuracy...
Checking column names... OK
Checking all required columns are present... OK
Checking column types... OK
Running checks on data quality objectives for frequency and completeness...
Running checks on data quality objectives for frequency and completeness...
Checking column names... OK
Running checks on data quality objectives for frequency and completeness...
Checking column names... OK
Checking all required columns are present... OK
Running checks on data quality objectives for frequency and completeness...
Checking column names... OK
Checking all required columns are present... OK
Checking for non-numeric values... OK
Running checks on data quality objectives for frequency and completeness...
Checking column names... OK
Checking all required columns are present... OK
Checking for non-numeric values... OK
Checking for values outside of 0 and 100... OK
Running checks on data quality objectives for frequency and completeness...
Checking column names... OK
Checking all required columns are present... OK
Checking for non-numeric values... OK
Checking for values outside of 0 and 100... OK
Checking Parameter formats... OK
Checking empty columns... WARNING
All checks passed (1 WARNING(s))!
Running checks on results data...
Running checks on results data...
Checking column names... OK
Running checks on results data...
Checking column names... OK
Checking all required columns are present... OK
Running checks on results data...
Checking column names... OK
Checking all required columns are present... OK
Checking valid Activity Types... OK
Running checks on results data...
Checking column names... OK
Checking all required columns are present... OK
Checking valid Activity Types... OK
Checking Activity Start Date formats... OK
Running checks on results data...
Checking column names... OK
Checking all required columns are present... OK
Checking valid Activity Types... OK
Checking Activity Start Date formats... OK
Checking depth data present... OK
Running checks on results data...
Checking column names... OK
Checking all required columns are present... OK
Checking valid Activity Types... OK
Checking Activity Start Date formats... OK
Checking depth data present... OK
Checking for non-numeric values in Activity Depth/Height Measure... OK
Running checks on results data...
Checking column names... OK
Checking all required columns are present... OK
Checking valid Activity Types... OK
Checking Activity Start Date formats... OK
Checking depth data present... OK
Checking for non-numeric values in Activity Depth/Height Measure... OK
Checking Activity Depth/Height Unit... OK
Checking Activity Relative Depth Name formats... OK
Checking values in Activity Depth/Height Measure > 1 m / 3.3 ft... WARNING
Checking Characteristic Name formats... OK
Checking Result Values... OK
Checking for non-numeric values in Quantitation Limit... OK
Checking QC Reference Values... OK
Checking for missing entries for Result Unit... OK
Checking if more than one unit per Characteristic Name... OK
Checking acceptable units for each entry in Characteristic Name... OK
All checks passed (1 WARNING(s))!
Running checks on results data...
Checking column names... OK
Checking all required columns are present... OK
Checking valid Activity Types... OK
Checking Activity Start Date formats... OK
Checking depth data present... OK
Checking for non-numeric values in Activity Depth/Height Measure... OK
Checking Activity Depth/Height Unit... OK
Checking Activity Relative Depth Name formats... WARNING
Checking values in Activity Depth/Height Measure > 1 m / 3.3 ft... OK
Checking Characteristic Name formats... OK
Checking Result Values... OK
Checking for non-numeric values in Quantitation Limit... OK
Checking QC Reference Values... OK
Checking for missing entries for Result Unit... OK
Checking if more than one unit per Characteristic Name... OK
Checking acceptable units for each entry in Characteristic Name... OK
All checks passed (1 WARNING(s))!
Running checks on results data...
Checking column names... OK
Checking all required columns are present... OK
Checking valid Activity Types... OK
Checking Activity Start Date formats... OK
Checking depth data present... OK
Checking for non-numeric values in Activity Depth/Height Measure... OK
Checking Activity Depth/Height Unit... OK
Checking Activity Relative Depth Name formats... OK
Checking values in Activity Depth/Height Measure > 1 m / 3.3 ft... OK
Checking Characteristic Name formats... WARNING
Checking Result Values... OK
Checking for non-numeric values in Quantitation Limit... OK
Checking QC Reference Values... OK
Checking for missing entries for Result Unit... OK
Checking if more than one unit per Characteristic Name... OK
Checking acceptable units for each entry in Characteristic Name... OK
All checks passed (1 WARNING(s))!
Running checks on results data...
Checking column names... OK
Checking all required columns are present... OK
Checking valid Activity Types... OK
Checking Activity Start Date formats... OK
Checking depth data present... OK
Checking for non-numeric values in Activity Depth/Height Measure... OK
Checking Activity Depth/Height Unit... OK
Checking Activity Relative Depth Name formats... OK
Checking values in Activity Depth/Height Measure > 1 m / 3.3 ft... OK
Checking Characteristic Name formats... OK
Checking Result Values... OK
Running checks on results data...
Checking column names... OK
Checking all required columns are present... OK
Checking valid Activity Types... OK
Checking Activity Start Date formats... OK
Checking depth data present... OK
Checking for non-numeric values in Activity Depth/Height Measure... OK
Checking Activity Depth/Height Unit... OK
Checking Activity Relative Depth Name formats... OK
Checking values in Activity Depth/Height Measure > 1 m / 3.3 ft... OK
Checking Characteristic Name formats... OK
Running checks on results data...
Checking column names... OK
Checking all required columns are present... OK
Checking valid Activity Types... OK
Checking Activity Start Date formats... OK
Checking depth data present... OK
Checking for non-numeric values in Activity Depth/Height Measure... OK
Checking Activity Depth/Height Unit... OK
Checking Activity Relative Depth Name formats... OK
Checking values in Activity Depth/Height Measure > 1 m / 3.3 ft... OK
Checking Characteristic Name formats... OK
Checking Result Values... OK
Checking for non-numeric values in Quantitation Limit... OK
Running checks on results data...
Checking column names... OK
Checking all required columns are present... OK
Checking valid Activity Types... OK
Checking Activity Start Date formats... OK
Checking depth data present... OK
Checking for non-numeric values in Activity Depth/Height Measure... OK
Checking Activity Depth/Height Unit... OK
Checking Activity Relative Depth Name formats... OK
Checking values in Activity Depth/Height Measure > 1 m / 3.3 ft... OK
Checking Characteristic Name formats... OK
Checking Result Values... OK
Checking for non-numeric values in Quantitation Limit... OK
Checking QC Reference Values... OK
Running checks on results data...
Checking column names... OK
Checking all required columns are present... OK
Checking valid Activity Types... OK
Checking Activity Start Date formats... OK
Checking depth data present... OK
Checking for non-numeric values in Activity Depth/Height Measure... OK
Checking Activity Depth/Height Unit... OK
Checking Activity Relative Depth Name formats... OK
Checking values in Activity Depth/Height Measure > 1 m / 3.3 ft... OK
Checking Characteristic Name formats... OK
Checking Result Values... OK
Checking for non-numeric values in Quantitation Limit... OK
Checking QC Reference Values... OK
Checking for missing entries for Result Unit... OK
Running checks on results data...
Checking column names... OK
Checking all required columns are present... OK
Checking valid Activity Types... OK
Checking Activity Start Date formats... OK
Checking depth data present... OK
Checking for non-numeric values in Activity Depth/Height Measure... OK
Checking Activity Depth/Height Unit... OK
Checking Activity Relative Depth Name formats... OK
Checking values in Activity Depth/Height Measure > 1 m / 3.3 ft... OK
Checking Characteristic Name formats... OK
Checking Result Values... OK
Checking for non-numeric values in Quantitation Limit... OK
Checking QC Reference Values... OK
Checking for missing entries for Result Unit... OK
Checking if more than one unit per Characteristic Name... OK
Running checks on results data...
Checking column names... OK
Checking all required columns are present... OK
Checking valid Activity Types... OK
Checking Activity Start Date formats... OK
Checking depth data present... OK
Checking for non-numeric values in Activity Depth/Height Measure... OK
Checking Activity Depth/Height Unit... OK
Checking Activity Relative Depth Name formats... OK
Checking values in Activity Depth/Height Measure > 1 m / 3.3 ft... OK
Checking Characteristic Name formats... OK
Checking Result Values... OK
Checking for non-numeric values in Quantitation Limit... OK
Checking QC Reference Values... OK
Checking for missing entries for Result Unit... OK
Checking if more than one unit per Characteristic Name... OK
Checking acceptable units for each entry in Characteristic Name... OK
Running checks on site metadata...
Running checks on site metadata...
Checking column names... OK
Running checks on site metadata...
Checking column names... OK
Checking all required columns are present... OK
Running checks on site metadata...
Checking column names... OK
Checking all required columns are present... OK
Checking for missing latitude or longitude values... OK
Running checks on site metadata...
Checking column names... OK
Checking all required columns are present... OK
Checking for missing latitude or longitude values... OK
Checking for non-numeric values in latitude... OK
Running checks on site metadata...
Checking column names... OK
Checking all required columns are present... OK
Checking for missing latitude or longitude values... OK
Checking for non-numeric values in latitude... OK
Checking for non-numeric values in longitude... OK
Running checks on site metadata...
Checking column names... OK
Checking all required columns are present... OK
Checking for missing latitude or longitude values... OK
Checking for non-numeric values in latitude... OK
Checking for non-numeric values in longitude... OK
Checking for positive values in longitude... OK
Running checks on WQX metadata...
Running checks on WQX metadata...
Checking column names... OK
Running checks on WQX metadata...
Checking column names... OK
Checking all required columns are present... OK
Running checks on WQX metadata...
Checking column names... OK
Checking all required columns are present... OK
Checking unique parameters... OK
Checking Parameter formats... WARNING
All checks passed (1 WARNING(s))!
Running checks on data quality objectives for frequency and completeness...
Checking column names... OK
Checking all required columns are present... OK
Checking for non-numeric values... OK
Checking for values outside of 0 and 100... OK
Checking Parameter formats... OK
Checking empty columns... OK
All checks passed!
Running checks on data quality objectives for accuracy...
Checking column names... OK
Checking all required columns are present... OK
Checking column types... OK
Checking no "na" in Value Range... OK
Checking for text other than <=, ≤, <, >=, ≥, >, ±, %, AQL, BQL, log, or all... OK
Checking overlaps in Value Range... OK
Checking gaps in Value Range... OK
Checking Parameter formats... OK
Checking for missing entries for unit (uom)... OK
Checking if more than one unit (uom) per Parameter... OK
Checking acceptable units (uom) for each entry in Parameter... OK
Checking empty columns... OK
All checks passed!
Running checks on data quality objectives for frequency and completeness...
Checking column names... OK
Checking all required columns are present... OK
Checking for non-numeric values... OK
Checking for values outside of 0 and 100... OK
Checking Parameter formats... OK
Checking empty columns... OK
All checks passed!
Running checks on results data...
Checking column names... OK
Checking all required columns are present... OK
Checking valid Activity Types... OK
Checking Activity Start Date formats... OK
Checking depth data present... OK
Checking for non-numeric values in Activity Depth/Height Measure... OK
Checking Activity Depth/Height Unit... OK
Checking Activity Relative Depth Name formats... OK
Checking values in Activity Depth/Height Measure > 1 m / 3.3 ft... OK
Checking Characteristic Name formats... OK
Checking Result Values... OK
Checking for non-numeric values in Quantitation Limit... OK
Checking QC Reference Values... OK
Checking for missing entries for Result Unit... OK
Checking if more than one unit per Characteristic Name... OK
Checking acceptable units for each entry in Characteristic Name... OK
All checks passed!
Running checks on results data...
Checking column names... OK
Checking all required columns are present... OK
Checking valid Activity Types... OK
Checking Activity Start Date formats... OK
Checking depth data present... OK
Checking for non-numeric values in Activity Depth/Height Measure... OK
Checking Activity Depth/Height Unit... OK
Checking Activity Relative Depth Name formats... OK
Checking values in Activity Depth/Height Measure > 1 m / 3.3 ft... OK
Checking Characteristic Name formats... OK
Checking Result Values... OK
Checking for non-numeric values in Quantitation Limit... OK
Checking QC Reference Values... OK
Checking for missing entries for Result Unit... OK
Checking if more than one unit per Characteristic Name... OK
Checking acceptable units for each entry in Characteristic Name... OK
All checks passed!
Running checks on site metadata...
Checking column names... OK
Checking all required columns are present... OK
Checking for missing latitude or longitude values... OK
Checking for non-numeric values in latitude... OK
Checking for non-numeric values in longitude... OK
Checking for positive values in longitude... OK
Checking for missing entries for Monitoring Location ID... OK
All checks passed!
Running checks on WQX metadata...
Checking column names... OK
Checking all required columns are present... OK
Checking unique parameters... OK
Checking Parameter formats... OK
All checks passed!
Running checks on WQX metadata...
Checking column names... OK
Checking all required columns are present... OK
Checking unique parameters... OK
Checking Parameter formats... OK
All checks passed!
Timeout was reached [raw.githubusercontent.com]: Operation timed out after 10458 milliseconds with 2813952 out of 4591861 bytes received
[ FAIL 1 | WARN 49 | SKIP 5 | PASS 188 ]
══ Skipped tests (5) ═══════════════════════════════════════════════════════════
• On CRAN (5): 'test-anlzMWRmap.R:2:3', 'test-anlzMWRmap.R:8:3',
'test-anlzMWRmap.R:14:3', 'test-anlzMWRmap.R:24:3', 'test-anlzMWRmap.R:30:3'
══ Failed tests ════════════════════════════════════════════════════════════════
── Failure ('test-utilMWRhttpgrace.R:8:3'): Checking sf output ─────────────────
`resp` is not an S3 object
[ FAIL 1 | WARN 49 | SKIP 5 | PASS 188 ]
Error: Test failures
Execution halted
Flavor: r-oldrel-windows-x86_64
These binaries (installable software) and packages are in development.
They may not be fully stable and should be used with caution. We make no claims about them.