Last updated on 2025-05-01 17:56:08 CEST.
Flavor | Version | Tinstall | Tcheck | Ttotal | Status | Flags |
---|---|---|---|---|---|---|
r-devel-linux-x86_64-debian-clang | 2.1.5 | 9.74 | 135.01 | 144.75 | NOTE | |
r-devel-linux-x86_64-debian-gcc | 2.1.5 | 5.64 | 90.69 | 96.33 | OK | |
r-devel-linux-x86_64-fedora-clang | 2.1.5 | 244.82 | OK | |||
r-devel-linux-x86_64-fedora-gcc | 2.1.5 | 212.53 | OK | |||
r-devel-windows-x86_64 | 2.1.5 | 11.00 | 141.00 | 152.00 | OK | |
r-patched-linux-x86_64 | 2.1.5 | 9.34 | 124.31 | 133.65 | OK | |
r-release-linux-x86_64 | OK | |||||
r-release-macos-arm64 | 2.1.5 | 61.00 | OK | |||
r-release-macos-x86_64 | 2.1.5 | 128.00 | OK | |||
r-release-windows-x86_64 | 2.1.5 | 12.00 | 142.00 | 154.00 | OK | |
r-oldrel-macos-arm64 | 2.1.5 | 61.00 | OK | |||
r-oldrel-macos-x86_64 | 2.1.5 | 109.00 | OK | |||
r-oldrel-windows-x86_64 | 2.1.5 | 14.00 | 189.00 | 203.00 | OK |
Version: 2.1.5
Check: examples
Result: NOTE
Examples with CPU (user + system) or elapsed time > 5s
user system elapsed
tabMWRfre 5.857 0.095 6.238
Flavor: r-devel-linux-x86_64-debian-clang
Version: 2.1.5
Check: examples
Result: NA
user system elapsed
tabMWRfre 3.709 0.086 5.44
OK
Flavor: r-devel-linux-x86_64-debian-gcc
These binaries (installable software) and packages are in development.
They may not be fully stable and should be used with caution. We make no claims about them.