Last updated on 2025-05-08 04:52:10 CEST.
Flavor | Version | Tinstall | Tcheck | Ttotal | Status | Flags |
---|---|---|---|---|---|---|
r-devel-linux-x86_64-debian-clang | 0.1.5 | 2.01 | 23.61 | 25.62 | NOTE | |
r-devel-linux-x86_64-debian-gcc | 0.1.5 | 1.55 | 16.97 | 18.52 | NOTE | |
r-devel-linux-x86_64-fedora-clang | 0.1.5 | 40.64 | OK | |||
r-devel-linux-x86_64-fedora-gcc | 0.1.5 | 38.20 | OK | |||
r-devel-windows-x86_64 | 0.1.5 | 4.00 | 39.00 | 43.00 | OK | |
r-patched-linux-x86_64 | 0.1.5 | 1.80 | 21.80 | 23.60 | OK | |
r-release-linux-x86_64 | 0.1.5 | 1.85 | 22.23 | 24.08 | OK | |
r-release-macos-arm64 | 0.1.5 | 17.00 | OK | |||
r-release-macos-x86_64 | 0.1.5 | 25.00 | OK | |||
r-release-windows-x86_64 | 0.1.5 | 4.00 | 38.00 | 42.00 | OK | |
r-oldrel-macos-arm64 | 0.1.5 | 15.00 | OK | |||
r-oldrel-macos-x86_64 | 0.1.5 | 28.00 | OK | |||
r-oldrel-windows-x86_64 | 0.1.5 | 3.00 | 39.00 | 42.00 | OK |
Version: 0.1.5
Check: CRAN incoming feasibility
Result: NOTE
Maintainer: ‘Michael P.B. Gallaugher <gallaump@mcmaster.ca>’
No Authors@R field in DESCRIPTION.
Please add one, modifying
Authors@R: c(person(given = c("Michael", "P.B."),
family = "Gallaugher",
role = c("aut", "cre"),
email = "gallaump@mcmaster.ca"),
person(given = c("Paul", "D."),
family = "McNicholas",
role = "aut"))
as necessary.
Flavors: r-devel-linux-x86_64-debian-clang, r-devel-linux-x86_64-debian-gcc
These binaries (installable software) and packages are in development.
They may not be fully stable and should be used with caution. We make no claims about them.