Last updated on 2025-05-01 22:49:47 CEST.
Flavor | Version | Tinstall | Tcheck | Ttotal | Status | Flags |
---|---|---|---|---|---|---|
r-devel-linux-x86_64-debian-clang | 1.7-3 | 303.36 | 334.01 | 637.37 | NOTE | |
r-devel-linux-x86_64-debian-gcc | 1.7-3 | 220.97 | 227.66 | 448.63 | NOTE | |
r-devel-linux-x86_64-fedora-clang | 1.7-3 | 1080.12 | OK | |||
r-devel-linux-x86_64-fedora-gcc | 1.7-3 | 1106.47 | OK | |||
r-devel-windows-x86_64 | 1.7-3 | 434.00 | 463.00 | 897.00 | OK | |
r-patched-linux-x86_64 | 1.7-3 | 325.08 | 314.00 | 639.08 | OK | |
r-release-linux-x86_64 | OK | |||||
r-release-macos-arm64 | 1.7-3 | 270.00 | OK | |||
r-release-macos-x86_64 | 1.7-3 | 546.00 | OK | |||
r-release-windows-x86_64 | 1.7-3 | 442.00 | 461.00 | 903.00 | OK | |
r-oldrel-macos-arm64 | 1.7-3 | 196.00 | OK | |||
r-oldrel-macos-x86_64 | 1.7-3 | 330.00 | OK | |||
r-oldrel-windows-x86_64 | 1.7-3 | 481.00 | 521.00 | 1002.00 | OK |
Version: 1.7-3
Check: DESCRIPTION meta-information
Result: NOTE
Author field differs from that derived from Authors@R
Author: ‘Douglas Bates [aut] (<https://orcid.org/0000-0001-8316-9503>), Martin Maechler [aut, cre] (<https://orcid.org/0000-0002-8685-9910>), Mikael Jagan [aut] (<https://orcid.org/0000-0002-3542-2938>), Timothy A. Davis [ctb] (<https://orcid.org/0000-0001-7614-6899>, SuiteSparse libraries, collaborators listed in dir(system.file("doc", "SuiteSparse", package="Matrix"), pattern="License", full.names=TRUE, recursive=TRUE)), George Karypis [ctb] (<https://orcid.org/0000-0003-2753-1437>, METIS library, Copyright: Regents of the University of Minnesota), Jason Riedy [ctb] (<https://orcid.org/0000-0002-4345-4200>, GNU Octave‘s condest() and onenormest(), Copyright: Regents of the University of California), Jens Oehlschlägel [ctb] (initial nearPD()), R Core Team [ctb] (02zz1nj61, base R’s matrix implementation)’
Authors@R: ‘Douglas Bates [aut] (ORCID: <https://orcid.org/0000-0001-8316-9503>), Martin Maechler [aut, cre] (ORCID: <https://orcid.org/0000-0002-8685-9910>), Mikael Jagan [aut] (ORCID: <https://orcid.org/0000-0002-3542-2938>), Timothy A. Davis [ctb] (ORCID: <https://orcid.org/0000-0001-7614-6899>, SuiteSparse libraries, collaborators listed in dir(system.file("doc", "SuiteSparse", package="Matrix"), pattern="License", full.names=TRUE, recursive=TRUE)), George Karypis [ctb] (ORCID: <https://orcid.org/0000-0003-2753-1437>, METIS library, Copyright: Regents of the University of Minnesota), Jason Riedy [ctb] (ORCID: <https://orcid.org/0000-0002-4345-4200>, GNU Octave‘s condest() and onenormest(), Copyright: Regents of the University of California), Jens Oehlschlägel [ctb] (initial nearPD()), R Core Team [ctb] (ROR: <https://ror.org/02zz1nj61>, base R’s matrix implementation)’
Flavors: r-devel-linux-x86_64-debian-clang, r-devel-linux-x86_64-debian-gcc
These binaries (installable software) and packages are in development.
They may not be fully stable and should be used with caution. We make no claims about them.