Last updated on 2025-11-11 15:50:38 CET.
| Flavor | Version | Tinstall | Tcheck | Ttotal | Status | Flags |
|---|---|---|---|---|---|---|
| r-devel-linux-x86_64-debian-clang | 0.1.15 | 118.93 | 174.08 | 293.01 | OK | |
| r-devel-linux-x86_64-debian-gcc | 0.1.15 | 80.63 | 118.58 | 199.21 | OK | |
| r-devel-linux-x86_64-fedora-clang | 0.1.15 | 157.00 | 298.88 | 455.88 | OK | |
| r-devel-linux-x86_64-fedora-gcc | 0.1.15 | 208.00 | 293.99 | 501.99 | OK | |
| r-devel-windows-x86_64 | 0.1.15 | 120.00 | 179.00 | 299.00 | OK | |
| r-patched-linux-x86_64 | 0.1.15 | 111.87 | 167.55 | 279.42 | OK | |
| r-release-linux-x86_64 | 0.1.15 | 113.56 | 166.34 | 279.90 | OK | |
| r-release-macos-arm64 | 0.1.15 | 55.00 | 87.00 | 142.00 | OK | |
| r-release-macos-x86_64 | 0.1.15 | 58.00 | 205.00 | 263.00 | OK | |
| r-release-windows-x86_64 | 0.1.15 | 122.00 | 184.00 | 306.00 | OK | |
| r-oldrel-macos-arm64 | 0.1.15 | 43.00 | 129.00 | 172.00 | NOTE | |
| r-oldrel-macos-x86_64 | 0.1.15 | 44.00 | 167.00 | 211.00 | NOTE | |
| r-oldrel-windows-x86_64 | 0.1.15 | 149.00 | 250.00 | 399.00 | OK |
Version: 0.1.15
Check: installed package size
Result: NOTE
installed size is 11.3Mb
sub-directories of 1Mb or more:
R 2.1Mb
libs 9.0Mb
Flavors: r-oldrel-macos-arm64, r-oldrel-macos-x86_64
These binaries (installable software) and packages are in development.
They may not be fully stable and should be used with caution. We make no claims about them.