CRAN Package Check Results for Package MatrixExtra

Last updated on 2025-07-26 21:49:57 CEST.

Flavor Version Tinstall Tcheck Ttotal Status Flags
r-devel-linux-x86_64-debian-clang 0.1.15 119.35 174.07 293.42 OK
r-devel-linux-x86_64-debian-gcc 0.1.15 81.41 116.16 197.57 OK
r-devel-linux-x86_64-fedora-clang 0.1.15 452.24 OK
r-devel-linux-x86_64-fedora-gcc 0.1.15 515.21 OK
r-devel-windows-x86_64 0.1.15 121.00 185.00 306.00 OK
r-patched-linux-x86_64 0.1.15 119.52 164.64 284.16 OK
r-release-linux-x86_64 0.1.15 116.83 162.72 279.55 OK
r-release-macos-arm64 0.1.15 142.00 OK
r-release-macos-x86_64 0.1.15 263.00 OK
r-release-windows-x86_64 0.1.15 116.00 168.00 284.00 OK
r-oldrel-macos-arm64 0.1.15 172.00 NOTE
r-oldrel-macos-x86_64 0.1.15 211.00 NOTE
r-oldrel-windows-x86_64 0.1.15 149.00 241.00 390.00 OK

Check Details

Version: 0.1.15
Check: installed package size
Result: NOTE installed size is 11.3Mb sub-directories of 1Mb or more: R 2.1Mb libs 9.0Mb Flavors: r-oldrel-macos-arm64, r-oldrel-macos-x86_64

These binaries (installable software) and packages are in development.
They may not be fully stable and should be used with caution. We make no claims about them.