Last updated on 2025-05-01 10:50:14 CEST.
Flavor | Version | Tinstall | Tcheck | Ttotal | Status | Flags |
---|---|---|---|---|---|---|
r-devel-linux-x86_64-debian-clang | 0.2 | 20.41 | 36.63 | 57.04 | NOTE | |
r-devel-linux-x86_64-debian-gcc | 0.2 | 15.26 | 29.41 | 44.67 | NOTE | |
r-devel-linux-x86_64-fedora-clang | 0.2 | 102.42 | OK | |||
r-devel-linux-x86_64-fedora-gcc | 0.2 | 102.97 | OK | |||
r-devel-windows-x86_64 | 0.2 | 27.00 | 77.00 | 104.00 | OK | |
r-patched-linux-x86_64 | 0.2 | 22.27 | 38.06 | 60.33 | OK | |
r-release-linux-x86_64 | OK | |||||
r-release-macos-arm64 | 0.2 | 38.00 | OK | |||
r-release-macos-x86_64 | 0.2 | 53.00 | OK | |||
r-release-windows-x86_64 | 0.2 | 29.00 | 80.00 | 109.00 | OK | |
r-oldrel-macos-arm64 | 0.2 | 32.00 | NOTE | |||
r-oldrel-macos-x86_64 | 0.2 | 46.00 | NOTE | |||
r-oldrel-windows-x86_64 | 0.2 | 31.00 | 92.00 | 123.00 | NOTE |
Version: 0.2
Check: CRAN incoming feasibility
Result: NOTE
Maintainer: ‘Aaron J. Molstad <amolstad@fredhutch.org>’
The URL field contains the following bad parts:
ajmolstad@github.io
The URL field should be a list of URLs separated by commas or
whitespace.
Flavors: r-devel-linux-x86_64-debian-clang, r-devel-linux-x86_64-debian-gcc
Version: 0.2
Check: examples
Result: NOTE
Examples with CPU (user + system) or elapsed time > 5s
user system elapsed
MatLDA_Grid 4.818 0.008 6.763
MatLDA 4.624 0.006 5.153
Flavor: r-devel-linux-x86_64-debian-clang
Version: 0.2
Check: examples
Result: NA
user system elapsed
MatLDA 3.761 0 5.002
OK
Flavor: r-devel-linux-x86_64-debian-gcc
Version: 0.2
Check: LazyData
Result: NOTE
'LazyData' is specified without a 'data' directory
Flavors: r-oldrel-macos-arm64, r-oldrel-macos-x86_64, r-oldrel-windows-x86_64
These binaries (installable software) and packages are in development.
They may not be fully stable and should be used with caution. We make no claims about them.