CRAN Package Check Results for Package MatrixMixtures

Last updated on 2025-10-23 09:50:50 CEST.

Flavor Version Tinstall Tcheck Ttotal Status Flags
r-devel-linux-x86_64-debian-clang 1.0.0 3.03 23.37 26.40 NOTE
r-devel-linux-x86_64-debian-gcc 1.0.0 2.03 18.22 20.25 NOTE
r-devel-linux-x86_64-fedora-clang 1.0.0 39.63 OK
r-devel-linux-x86_64-fedora-gcc 1.0.0 39.05 OK
r-devel-windows-x86_64 1.0.0 4.00 50.00 54.00 OK
r-patched-linux-x86_64 1.0.0 2.21 22.33 24.54 OK
r-release-linux-x86_64 1.0.0 2.84 21.72 24.56 OK
r-release-macos-arm64 1.0.0 2.00 19.00 21.00 OK
r-release-macos-x86_64 1.0.0 2.00 27.00 29.00 OK
r-release-windows-x86_64 1.0.0 4.00 46.00 50.00 OK
r-oldrel-macos-arm64 1.0.0 1.00 16.00 17.00 OK
r-oldrel-macos-x86_64 1.0.0 2.00 25.00 27.00 OK
r-oldrel-windows-x86_64 1.0.0 5.00 51.00 56.00 OK

Check Details

Version: 1.0.0
Check: CRAN incoming feasibility
Result: NOTE Maintainer: ‘Michael P.B. Gallaugher <michael_gallaugher@baylor.edu>’ The Description field contains <arXiv:2005.03861>. One key advantage of this model is the ability to Please refer to arXiv e-prints via their arXiv DOI <doi:10.48550/arXiv.YYMM.NNNNN>. Flavors: r-devel-linux-x86_64-debian-clang, r-devel-linux-x86_64-debian-gcc

These binaries (installable software) and packages are in development.
They may not be fully stable and should be used with caution. We make no claims about them.