CRAN Package Check Results for Package MatrixModels

Last updated on 2025-02-16 10:50:50 CET.

Flavor Version Tinstall Tcheck Ttotal Status Flags
r-devel-linux-x86_64-debian-clang 0.5-3 7.97 64.88 72.85 NOTE
r-devel-linux-x86_64-debian-gcc 0.5-3 6.35 48.29 54.64 NOTE
r-devel-linux-x86_64-fedora-clang 0.5-3 118.20 OK
r-devel-linux-x86_64-fedora-gcc 0.5-3 115.95 OK
r-devel-macos-arm64 0.5-3 36.00 OK
r-devel-macos-x86_64 0.5-3 99.00 OK
r-devel-windows-x86_64 0.5-3 10.00 87.00 97.00 NOTE
r-patched-linux-x86_64 0.5-3 10.07 60.42 70.49 OK
r-release-linux-x86_64 0.5-3 8.20 60.08 68.28 OK
r-release-macos-arm64 0.5-3 36.00 OK
r-release-macos-x86_64 0.5-3 63.00 OK
r-release-windows-x86_64 0.5-3 9.00 92.00 101.00 OK
r-oldrel-macos-arm64 0.5-3 28.00 OK
r-oldrel-macos-x86_64 0.5-3 70.00 OK
r-oldrel-windows-x86_64 0.5-3 11.00 120.00 131.00 OK

Check Details

Version: 0.5-3
Check: Rd cross-references
Result: NOTE Found the following Rd file(s) with Rd \link{} targets missing package anchors: lm.fit.sparse.Rd: dsparseMatrix-class, sparse.model.matrix model.Matrix.Rd: sparse.model.matrix modelMatrix-class.Rd: dgCMatrix-class, Matrix-class, dgeMatrix-class, sparse.model.matrix predModule-class.Rd: Cholesky-class, CHMfactor-class Please provide package anchors for all Rd \link{} targets not in the package itself and the base packages. Flavors: r-devel-linux-x86_64-debian-clang, r-devel-linux-x86_64-debian-gcc, r-devel-windows-x86_64

These binaries (installable software) and packages are in development.
They may not be fully stable and should be used with caution. We make no claims about them.