Last updated on 2024-07-27 15:50:25 CEST.
Flavor | Version | Tinstall | Tcheck | Ttotal | Status | Flags |
---|---|---|---|---|---|---|
r-devel-linux-x86_64-debian-clang | 0.2.0 | 35.69 | 371.87 | 407.56 | OK | |
r-devel-linux-x86_64-debian-gcc | 0.2.0 | OK | ||||
r-devel-linux-x86_64-fedora-clang | 0.2.0 | 485.75 | NOTE | |||
r-devel-linux-x86_64-fedora-gcc | 0.2.0 | 501.64 | NOTE | |||
r-devel-windows-x86_64 | 0.2.0 | 28.00 | 216.00 | 244.00 | OK | |
r-patched-linux-x86_64 | 0.2.0 | OK | ||||
r-release-linux-x86_64 | 0.2.0 | 22.54 | 348.82 | 371.36 | OK | |
r-release-macos-arm64 | 0.2.0 | 132.00 | OK | |||
r-release-macos-x86_64 | 0.2.0 | 203.00 | OK | |||
r-release-windows-x86_64 | 0.2.0 | 28.00 | 233.00 | 261.00 | OK | |
r-oldrel-macos-arm64 | 0.2.0 | 151.00 | OK | |||
r-oldrel-macos-x86_64 | 0.2.0 | 219.00 | OK | |||
r-oldrel-windows-x86_64 | 0.2.0 | 41.00 | 304.00 | 345.00 | OK |
Version: 0.2.0
Check: data for non-ASCII characters
Result: NOTE
Note: found 18 marked UTF-8 strings
Flavors: r-devel-linux-x86_64-fedora-clang, r-devel-linux-x86_64-fedora-gcc
These binaries (installable software) and packages are in development.
They may not be fully stable and should be used with caution. We make no claims about them.