Last updated on 2025-05-01 12:49:33 CEST.
Flavor | Version | Tinstall | Tcheck | Ttotal | Status | Flags |
---|---|---|---|---|---|---|
r-devel-linux-x86_64-debian-clang | 1.0 | 15.46 | 22.31 | 37.77 | NOTE | |
r-devel-linux-x86_64-debian-gcc | 1.0 | 11.19 | 18.57 | 29.76 | NOTE | |
r-devel-linux-x86_64-fedora-clang | 1.0 | 66.15 | NOTE | |||
r-devel-linux-x86_64-fedora-gcc | 1.0 | 63.48 | NOTE | |||
r-devel-windows-x86_64 | 1.0 | 20.00 | 61.00 | 81.00 | OK | |
r-patched-linux-x86_64 | 1.0 | 15.39 | 21.81 | 37.20 | OK | |
r-release-linux-x86_64 | OK | |||||
r-release-macos-arm64 | 1.0 | 39.00 | OK | |||
r-release-macos-x86_64 | 1.0 | 34.00 | OK | |||
r-release-windows-x86_64 | 1.0 | 20.00 | 64.00 | 84.00 | OK | |
r-oldrel-macos-arm64 | 1.0 | 22.00 | NOTE | |||
r-oldrel-macos-x86_64 | 1.0 | 31.00 | NOTE | |||
r-oldrel-windows-x86_64 | 1.0 | 21.00 | 66.00 | 87.00 | NOTE |
Version: 1.0
Check: CRAN incoming feasibility
Result: NOTE
Maintainer: ‘Zizhuo Ren<zizhuoren@gmail.com>’
No Authors@R field in DESCRIPTION.
Please add one, modifying
Authors@R: c(person(given = "Zizhuo",
family = "Ren",
role = c("aut", "cre"),
email = "zizhuoren@gmail.com"),
person(given = "Hesen",
family = "Peng",
role = "aut"),
person(given = "Tianwei",
family = "Yu",
role = "aut"))
as necessary.
Flavors: r-devel-linux-x86_64-debian-clang, r-devel-linux-x86_64-debian-gcc
Version: 1.0
Check: compiled code
Result: NOTE
File ‘MediaK/libs/MediaK.so’:
Found no calls to: ‘R_registerRoutines’, ‘R_useDynamicSymbols’
It is good practice to register native routines and to disable symbol
search.
See ‘Writing portable packages’ in the ‘Writing R Extensions’ manual.
Flavors: r-devel-linux-x86_64-fedora-clang, r-devel-linux-x86_64-fedora-gcc
Version: 1.0
Check: LazyData
Result: NOTE
'LazyData' is specified without a 'data' directory
Flavors: r-oldrel-macos-arm64, r-oldrel-macos-x86_64, r-oldrel-windows-x86_64
These binaries (installable software) and packages are in development.
They may not be fully stable and should be used with caution. We make no claims about them.