Last updated on 2025-02-16 10:50:52 CET.
Flavor | Version | Tinstall | Tcheck | Ttotal | Status | Flags |
---|---|---|---|---|---|---|
r-devel-linux-x86_64-debian-clang | 1.1.0 | 48.65 | 406.15 | 454.80 | NOTE | |
r-devel-linux-x86_64-debian-gcc | 1.1.0 | 35.39 | 310.45 | 345.84 | NOTE | |
r-devel-linux-x86_64-fedora-clang | 1.1.0 | 740.00 | OK | |||
r-devel-linux-x86_64-fedora-gcc | 1.1.0 | 750.33 | OK | |||
r-devel-macos-arm64 | 1.1.0 | 165.00 | OK | |||
r-devel-macos-x86_64 | 1.1.0 | 426.00 | OK | |||
r-devel-windows-x86_64 | 1.1.0 | 52.00 | 411.00 | 463.00 | NOTE | |
r-patched-linux-x86_64 | 1.1.0 | 57.10 | 376.58 | 433.68 | OK | |
r-release-linux-x86_64 | 1.1.0 | 45.44 | 375.54 | 420.98 | OK | |
r-release-macos-arm64 | 1.1.0 | 150.00 | NOTE | |||
r-release-macos-x86_64 | 1.1.0 | 230.00 | NOTE | |||
r-release-windows-x86_64 | 1.1.0 | 50.00 | 469.00 | 519.00 | OK | |
r-oldrel-macos-arm64 | 1.1.0 | 223.00 | OK | |||
r-oldrel-macos-x86_64 | 1.1.0 | 407.00 | OK | |||
r-oldrel-windows-x86_64 | 1.1.0 | 65.00 | 500.00 | 565.00 | OK |
Version: 1.1.0
Check: Rd cross-references
Result: NOTE
Found the following Rd file(s) with Rd \link{} targets missing package
anchors:
Mega2gdsfmt.Rd: gdsfmt
Please provide package anchors for all Rd \link{} targets not in the
package itself and the base packages.
Flavors: r-devel-linux-x86_64-debian-clang, r-devel-linux-x86_64-debian-gcc, r-devel-windows-x86_64
Version: 1.1.0
Check: package dependencies
Result: NOTE
Package suggested but not available for checking: ‘TxDb.Hsapiens.UCSC.hg19.knownGene’
Flavors: r-release-macos-arm64, r-release-macos-x86_64
These binaries (installable software) and packages are in development.
They may not be fully stable and should be used with caution. We make no claims about them.