Last updated on 2025-05-01 10:50:14 CEST.
Flavor | Version | Tinstall | Tcheck | Ttotal | Status | Flags |
---|---|---|---|---|---|---|
r-devel-linux-x86_64-debian-clang | 0.10.0 | 62.20 | 306.72 | 368.92 | NOTE | |
r-devel-linux-x86_64-debian-gcc | 0.10.0 | 39.22 | 185.25 | 224.47 | OK | |
r-devel-linux-x86_64-fedora-clang | 0.10.0 | 589.46 | OK | |||
r-devel-linux-x86_64-fedora-gcc | 0.10.0 | 577.60 | OK | |||
r-devel-windows-x86_64 | 0.10.0 | 64.00 | 290.00 | 354.00 | OK | |
r-patched-linux-x86_64 | 0.10.0 | 58.65 | 284.85 | 343.50 | OK | |
r-release-linux-x86_64 | OK | |||||
r-release-macos-arm64 | 0.10.0 | 146.00 | OK | |||
r-release-macos-x86_64 | 0.10.0 | 314.00 | OK | |||
r-release-windows-x86_64 | 0.10.0 | 65.00 | 292.00 | 357.00 | OK | |
r-oldrel-macos-arm64 | 0.10.0 | 149.00 | NOTE | |||
r-oldrel-macos-x86_64 | 0.10.0 | 297.00 | NOTE | |||
r-oldrel-windows-x86_64 | 0.10.0 | 80.00 | 410.00 | 490.00 | OK |
Version: 0.10.0
Check: examples
Result: NOTE
Examples with CPU (user + system) or elapsed time > 5s
user system elapsed
mr_clr 7.232 0.078 9.539
mr_mvcML 4.619 0.059 6.955
Flavor: r-devel-linux-x86_64-debian-clang
Version: 0.10.0
Check: installed package size
Result: NOTE
installed size is 5.2Mb
sub-directories of 1Mb or more:
libs 3.6Mb
Flavors: r-oldrel-macos-arm64, r-oldrel-macos-x86_64
These binaries (installable software) and packages are in development.
They may not be fully stable and should be used with caution. We make no claims about them.