Last updated on 2025-10-25 09:49:35 CEST.
| Flavor | Version | Tinstall | Tcheck | Ttotal | Status | Flags |
|---|---|---|---|---|---|---|
| r-devel-linux-x86_64-debian-clang | 0.2.1 | 1.61 | 65.68 | 67.29 | NOTE | |
| r-devel-linux-x86_64-debian-gcc | 0.2.1 | 1.40 | 48.48 | 49.88 | NOTE | |
| r-devel-linux-x86_64-fedora-clang | 0.2.1 | 103.45 | OK | |||
| r-devel-linux-x86_64-fedora-gcc | 0.2.1 | 127.22 | OK | |||
| r-devel-windows-x86_64 | 0.2.1 | 2.00 | 105.00 | 107.00 | OK | |
| r-patched-linux-x86_64 | 0.2.1 | 1.51 | 63.73 | 65.24 | OK | |
| r-release-linux-x86_64 | 0.2.1 | 1.45 | 63.24 | 64.69 | OK | |
| r-release-macos-arm64 | 0.2.1 | 1.00 | 87.00 | 88.00 | OK | |
| r-release-macos-x86_64 | 0.2.1 | 2.00 | 104.00 | 106.00 | OK | |
| r-release-windows-x86_64 | 0.2.1 | 3.00 | 104.00 | 107.00 | OK | |
| r-oldrel-macos-arm64 | 0.2.1 | 1.00 | 41.00 | 42.00 | OK | |
| r-oldrel-macos-x86_64 | 0.2.1 | 1.00 | 76.00 | 77.00 | OK | |
| r-oldrel-windows-x86_64 | 0.2.1 | 3.00 | 124.00 | 127.00 | OK |
Version: 0.2.1
Check: CRAN incoming feasibility
Result: NOTE
Maintainer: ‘François Grolleau <francois.grolleau@aphp.fr>’
No Authors@R field in DESCRIPTION.
Please add one, modifying
Authors@R: person(given = "François",
family = "Grolleau",
role = c("aut", "cre"),
email = "francois.grolleau@aphp.fr")
as necessary.
Flavors: r-devel-linux-x86_64-debian-clang, r-devel-linux-x86_64-debian-gcc
These binaries (installable software) and packages are in development.
They may not be fully stable and should be used with caution. We make no claims about them.