Last updated on 2025-02-16 10:50:52 CET.
Flavor | Version | Tinstall | Tcheck | Ttotal | Status | Flags |
---|---|---|---|---|---|---|
r-devel-linux-x86_64-debian-clang | 0.4 | 10.82 | 143.81 | 154.63 | NOTE | |
r-devel-linux-x86_64-debian-gcc | 0.4 | 8.57 | 101.00 | 109.57 | NOTE | |
r-devel-linux-x86_64-fedora-clang | 0.4 | 246.69 | OK | |||
r-devel-linux-x86_64-fedora-gcc | 0.4 | 262.53 | OK | |||
r-devel-macos-arm64 | 0.4 | 76.00 | OK | |||
r-devel-macos-x86_64 | 0.4 | 146.00 | OK | |||
r-devel-windows-x86_64 | 0.4 | 12.00 | 147.00 | 159.00 | NOTE | |
r-patched-linux-x86_64 | 0.4 | 14.48 | 135.10 | 149.58 | OK | |
r-release-linux-x86_64 | 0.4 | 11.75 | 136.17 | 147.92 | OK | |
r-release-macos-arm64 | 0.4 | 69.00 | OK | |||
r-release-macos-x86_64 | 0.4 | 109.00 | OK | |||
r-release-windows-x86_64 | 0.4 | 13.00 | 206.00 | 219.00 | OK | |
r-oldrel-macos-arm64 | 0.4 | 73.00 | OK | |||
r-oldrel-macos-x86_64 | 0.4 | 173.00 | OK | |||
r-oldrel-windows-x86_64 | 0.4 | 16.00 | 174.00 | 190.00 | OK |
Version: 0.4
Check: Rd cross-references
Result: NOTE
Found the following Rd file(s) with Rd \link{} targets missing package
anchors:
KODAMA.chem.sim.Rd: KODAMA.matrix, KODAMA.visualization
chemical.dissimilarity.Rd: fp.sim.matrix, get.fingerprint
clusters.detection.Rd: KODAMA.matrix, KODAMA.visualization
Please provide package anchors for all Rd \link{} targets not in the
package itself and the base packages.
Flavors: r-devel-linux-x86_64-debian-clang, r-devel-linux-x86_64-debian-gcc, r-devel-windows-x86_64
These binaries (installable software) and packages are in development.
They may not be fully stable and should be used with caution. We make no claims about them.