Last updated on 2024-07-27 15:50:25 CEST.
Flavor | Version | Tinstall | Tcheck | Ttotal | Status | Flags |
---|---|---|---|---|---|---|
r-devel-linux-x86_64-debian-clang | 0.4 | 15.46 | 188.76 | 204.22 | OK | |
r-devel-linux-x86_64-debian-gcc | 0.4 | NOTE | ||||
r-devel-linux-x86_64-fedora-clang | 0.4 | 250.64 | NOTE | |||
r-devel-linux-x86_64-fedora-gcc | 0.4 | 267.68 | NOTE | |||
r-devel-windows-x86_64 | 0.4 | 13.00 | 151.00 | 164.00 | NOTE | |
r-patched-linux-x86_64 | 0.4 | OK | ||||
r-release-linux-x86_64 | 0.4 | 13.49 | 175.81 | 189.30 | OK | |
r-release-macos-arm64 | 0.4 | 69.00 | OK | |||
r-release-macos-x86_64 | 0.4 | 109.00 | OK | |||
r-release-windows-x86_64 | 0.4 | 12.00 | 146.00 | 158.00 | OK | |
r-oldrel-macos-arm64 | 0.4 | 73.00 | OK | |||
r-oldrel-macos-x86_64 | 0.4 | 173.00 | OK | |||
r-oldrel-windows-x86_64 | 0.4 | 16.00 | 176.00 | 192.00 | OK |
Version: 0.4
Check: Rd cross-references
Result: NOTE
Found the following Rd file(s) with Rd \link{} targets missing package
anchors:
KODAMA.chem.sim.Rd: KODAMA.matrix, KODAMA.visualization
chemical.dissimilarity.Rd: fp.sim.matrix, get.fingerprint
clusters.detection.Rd: KODAMA.matrix, KODAMA.visualization
Please provide package anchors for all Rd \link{} targets not in the
package itself and the base packages.
Flavors: r-devel-linux-x86_64-debian-gcc, r-devel-windows-x86_64
Version: 0.4
Check: data for non-ASCII characters
Result: NOTE
Note: found 1496 marked UTF-8 strings
Flavors: r-devel-linux-x86_64-fedora-clang, r-devel-linux-x86_64-fedora-gcc
These binaries (installable software) and packages are in development.
They may not be fully stable and should be used with caution. We make no claims about them.