Last updated on 2025-02-19 18:51:12 CET.
Flavor | Version | Tinstall | Tcheck | Ttotal | Status | Flags |
---|---|---|---|---|---|---|
r-devel-linux-x86_64-debian-clang | 1.0.1 | 2.20 | 31.97 | 34.17 | NOTE | |
r-devel-linux-x86_64-debian-gcc | 1.0.1 | 1.65 | 23.96 | 25.61 | NOTE | |
r-devel-linux-x86_64-fedora-clang | 1.0.1 | 57.25 | NOTE | |||
r-devel-linux-x86_64-fedora-gcc | 1.0.1 | 68.50 | NOTE | |||
r-devel-macos-arm64 | 1.0.1 | 27.00 | OK | |||
r-devel-macos-x86_64 | 1.0.1 | 48.00 | OK | |||
r-devel-windows-x86_64 | 1.0.1 | 4.00 | 54.00 | 58.00 | OK | |
r-patched-linux-x86_64 | 1.0.1 | 2.48 | 31.24 | 33.72 | NOTE | |
r-release-linux-x86_64 | 1.0.1 | 2.23 | 29.78 | 32.01 | NOTE | |
r-release-macos-arm64 | 1.0.1 | 27.00 | OK | |||
r-release-macos-x86_64 | 1.0.1 | 40.00 | OK | |||
r-release-windows-x86_64 | 1.0.1 | 4.00 | 59.00 | 63.00 | OK | |
r-oldrel-macos-arm64 | 1.0.1 | 29.00 | OK | |||
r-oldrel-macos-x86_64 | 1.0.1 | 38.00 | OK | |||
r-oldrel-windows-x86_64 | 1.0.1 | 4.00 | 82.00 | 86.00 | OK |
Version: 1.0.1
Check: for non-standard things in the check directory
Result: NOTE
Found the following files/directories:
‘MetProc_output.pdf’ ‘sample_removed.csv’ ‘sample_retained.csv’
Flavors: r-devel-linux-x86_64-debian-clang, r-devel-linux-x86_64-debian-gcc, r-devel-linux-x86_64-fedora-clang, r-devel-linux-x86_64-fedora-gcc, r-patched-linux-x86_64, r-release-linux-x86_64
These binaries (installable software) and packages are in development.
They may not be fully stable and should be used with caution. We make no claims about them.