Last updated on 2025-05-01 17:56:08 CEST.
Flavor | Version | Tinstall | Tcheck | Ttotal | Status | Flags |
---|---|---|---|---|---|---|
r-devel-linux-x86_64-debian-clang | 0.2.1 | 5.10 | 42.44 | 47.54 | NOTE | |
r-devel-linux-x86_64-debian-gcc | 0.2.1 | 4.03 | 31.74 | 35.77 | NOTE | |
r-devel-linux-x86_64-fedora-clang | 0.2.1 | 74.89 | OK | |||
r-devel-linux-x86_64-fedora-gcc | 0.2.1 | 74.33 | OK | |||
r-devel-windows-x86_64 | 0.2.1 | 8.00 | 64.00 | 72.00 | OK | |
r-patched-linux-x86_64 | 0.2.1 | 5.33 | 40.06 | 45.39 | OK | |
r-release-linux-x86_64 | OK | |||||
r-release-macos-arm64 | 0.2.1 | 33.00 | OK | |||
r-release-macos-x86_64 | 0.2.1 | 41.00 | OK | |||
r-release-windows-x86_64 | 0.2.1 | 8.00 | 69.00 | 77.00 | OK | |
r-oldrel-macos-arm64 | 0.2.1 | 22.00 | OK | |||
r-oldrel-macos-x86_64 | 0.2.1 | 47.00 | OK | |||
r-oldrel-windows-x86_64 | 0.2.1 | 10.00 | 69.00 | 79.00 | OK |
Version: 0.2.1
Check: CRAN incoming feasibility
Result: NOTE
Maintainer: ‘Christopher Jackson <chris.jackson@mrc-bsu.cam.ac.uk>’
No Authors@R field in DESCRIPTION.
Please add one, modifying
Authors@R: c(person(given = "Jack",
family = "Bowden",
role = "aut",
email = "j.bowden@bristol.ac.uk",
comment = "conception"),
person(given = "Christopher",
family = "Jackson",
role = c("aut", "cre"),
email = "chris.jackson@mrc-bsu.cam.ac.uk",
comment = "programming"))
as necessary.
Package CITATION file contains call(s) to old-style personList() or
as.personList(). Please use c() on person objects instead.
Package CITATION file contains call(s) to old-style citEntry(). Please
use bibentry() instead.
Found the following URLs which should use \doi (with the DOI name only):
File ‘MetaAnalyser.Rd’:
http://dx.doi.org/10.1080/00031305.2016.1165735
Flavors: r-devel-linux-x86_64-debian-clang, r-devel-linux-x86_64-debian-gcc
These binaries (installable software) and packages are in development.
They may not be fully stable and should be used with caution. We make no claims about them.