CRAN Package Check Results for Package MetaCycle

Last updated on 2025-05-08 04:52:10 CEST.

Flavor Version Tinstall Tcheck Ttotal Status Flags
r-devel-linux-x86_64-debian-clang 1.2.0 8.27 78.21 86.48 NOTE
r-devel-linux-x86_64-debian-gcc 1.2.0 6.70 55.06 61.76 NOTE
r-devel-linux-x86_64-fedora-clang 1.2.0 135.69 NOTE
r-devel-linux-x86_64-fedora-gcc 1.2.0 157.07 NOTE
r-devel-windows-x86_64 1.2.0 10.00 83.00 93.00 OK
r-patched-linux-x86_64 1.2.0 8.25 74.76 83.01 NOTE
r-release-linux-x86_64 1.2.0 8.68 75.46 84.14 NOTE
r-release-macos-arm64 1.2.0 46.00 OK
r-release-macos-x86_64 1.2.0 86.00 OK
r-release-windows-x86_64 1.2.0 10.00 86.00 96.00 OK
r-oldrel-macos-arm64 1.2.0 44.00 OK
r-oldrel-macos-x86_64 1.2.0 70.00 OK
r-oldrel-windows-x86_64 1.2.0 12.00 106.00 118.00 OK

Check Details

Version: 1.2.0
Check: for non-standard things in the check directory
Result: NOTE Found the following files/directories: ‘cycHumanBloodData.csv’ ‘cycHumanBloodDesign.csv’ ‘cycMouseLiverProtein.txt’ ‘cycMouseLiverRNA.csv’ ‘cycSimu4h2d.csv’ ‘cycYeastCycle.csv’ ‘example’ Flavors: r-devel-linux-x86_64-debian-clang, r-devel-linux-x86_64-debian-gcc, r-devel-linux-x86_64-fedora-clang, r-devel-linux-x86_64-fedora-gcc, r-patched-linux-x86_64, r-release-linux-x86_64

These binaries (installable software) and packages are in development.
They may not be fully stable and should be used with caution. We make no claims about them.