Last updated on 2024-07-27 15:50:25 CEST.
Flavor | Version | Tinstall | Tcheck | Ttotal | Status | Flags |
---|---|---|---|---|---|---|
r-devel-linux-x86_64-debian-clang | 2.1.3 | 16.31 | 173.61 | 189.92 | OK | |
r-devel-linux-x86_64-debian-gcc | 2.1.3 | OK | ||||
r-devel-linux-x86_64-fedora-clang | 2.1.3 | 255.37 | NOTE | |||
r-devel-linux-x86_64-fedora-gcc | 2.1.3 | 261.74 | NOTE | |||
r-devel-windows-x86_64 | 2.1.3 | 18.00 | 152.00 | 170.00 | OK | |
r-patched-linux-x86_64 | 2.1.3 | OK | ||||
r-release-linux-x86_64 | 2.1.3 | 12.62 | 167.44 | 180.06 | OK | |
r-release-macos-arm64 | 2.1.3 | 70.00 | OK | |||
r-release-macos-x86_64 | 2.1.3 | 110.00 | OK | |||
r-release-windows-x86_64 | 2.1.3 | 17.00 | 139.00 | 156.00 | OK | |
r-oldrel-macos-arm64 | 2.1.3 | 68.00 | OK | |||
r-oldrel-macos-x86_64 | 2.1.3 | 116.00 | OK | |||
r-oldrel-windows-x86_64 | 2.1.3 | 23.00 | 178.00 | 201.00 | OK |
Version: 2.1.3
Check: package dependencies
Result: NOTE
Imports includes 35 non-default packages.
Importing from so many packages makes the package vulnerable to any of
them becoming unavailable. Move as many as possible to Suggests and
use conditionally.
Flavor: r-devel-linux-x86_64-fedora-clang
Version: 2.1.3
Check: dependencies in R code
Result: NOTE
Namespaces in Imports field not imported from:
‘BiocManager’ ‘DT’ ‘GEOmetadb’ ‘RMySQL’ ‘RSQLite’ ‘gplots’ ‘pheatmap’
‘readr’
All declared Imports should be used.
Flavors: r-devel-linux-x86_64-fedora-clang, r-devel-linux-x86_64-fedora-gcc
These binaries (installable software) and packages are in development.
They may not be fully stable and should be used with caution. We make no claims about them.