CRAN Package Check Results for Package MetaStan

Last updated on 2025-07-02 01:51:43 CEST.

Flavor Version Tinstall Tcheck Ttotal Status Flags
r-devel-linux-x86_64-debian-clang 1.0.0 410.14 183.40 593.54 OK
r-devel-linux-x86_64-debian-gcc 1.0.0 385.32 157.40 542.72 OK
r-devel-linux-x86_64-fedora-clang 1.0.0 921.51 OK
r-devel-linux-x86_64-fedora-gcc 1.0.0 1159.50 OK
r-devel-windows-x86_64 1.0.0 424.00 231.00 655.00 OK
r-patched-linux-x86_64 OK
r-release-linux-x86_64 1.0.0 439.11 210.63 649.74 OK
r-release-macos-arm64 1.0.0 246.00 OK
r-release-macos-x86_64 1.0.0 324.00 OK
r-release-windows-x86_64 1.0.0 413.00 229.00 642.00 OK
r-oldrel-macos-arm64 1.0.0 136.00 NOTE
r-oldrel-macos-x86_64 1.0.0 165.00 NOTE
r-oldrel-windows-x86_64 1.0.0 484.00 288.00 772.00 NOTE

Check Details

Version: 1.0.0
Check: installed package size
Result: NOTE installed size is 91.3Mb sub-directories of 1Mb or more: libs 90.8Mb Flavors: r-oldrel-macos-arm64, r-oldrel-macos-x86_64

Version: 1.0.0
Check: for GNU extensions in Makefiles
Result: NOTE GNU make is a SystemRequirements. Flavors: r-oldrel-macos-arm64, r-oldrel-macos-x86_64, r-oldrel-windows-x86_64

These binaries (installable software) and packages are in development.
They may not be fully stable and should be used with caution. We make no claims about them.