Last updated on 2025-05-01 12:49:33 CEST.
Flavor | Version | Tinstall | Tcheck | Ttotal | Status | Flags |
---|---|---|---|---|---|---|
r-devel-linux-x86_64-debian-clang | 2.1.2 | 12.70 | 92.06 | 104.76 | NOTE | |
r-devel-linux-x86_64-debian-gcc | 2.1.2 | 7.93 | 64.13 | 72.06 | NOTE | |
r-devel-linux-x86_64-fedora-clang | 2.1.2 | 162.55 | NOTE | |||
r-devel-linux-x86_64-fedora-gcc | 2.1.2 | 168.20 | NOTE | |||
r-devel-windows-x86_64 | 2.1.2 | 14.00 | 93.00 | 107.00 | OK | |
r-patched-linux-x86_64 | 2.1.2 | 12.64 | 88.00 | 100.64 | OK | |
r-release-linux-x86_64 | OK | |||||
r-release-macos-arm64 | 2.1.2 | 45.00 | OK | |||
r-release-macos-x86_64 | 2.1.2 | 97.00 | OK | |||
r-release-windows-x86_64 | 2.1.2 | 16.00 | 94.00 | 110.00 | OK | |
r-oldrel-macos-arm64 | 2.1.2 | 46.00 | OK | |||
r-oldrel-macos-x86_64 | 2.1.2 | 67.00 | OK | |||
r-oldrel-windows-x86_64 | 2.1.2 | 18.00 | 119.00 | 137.00 | OK |
Version: 2.1.2
Check: CRAN incoming feasibility
Result: NOTE
Maintainer: ‘Maya B. Mathur <mmathur@stanford.edu>’
No Authors@R field in DESCRIPTION.
Please add one, modifying
Authors@R: c(person(given = c("Maya", "B."),
family = "Mathur",
role = c("aut", "cre"),
email = "mmathur@stanford.edu"),
person(given = "Rui",
family = "Wang",
role = "aut"),
person(given = c("Tyler", "J."),
family = "VanderWeele",
role = "aut"))
as necessary.
Flavors: r-devel-linux-x86_64-debian-clang, r-devel-linux-x86_64-debian-gcc
Version: 2.1.2
Check: examples
Result: NOTE
Examples with CPU (user + system) or elapsed time > 5s
user system elapsed
prop_stronger 6.406 0.218 8.489
Flavor: r-devel-linux-x86_64-debian-clang
Version: 2.1.2
Check: dependencies in R code
Result: NOTE
Namespace in Imports field not imported from: ‘metadat’
All declared Imports should be used.
Flavors: r-devel-linux-x86_64-fedora-clang, r-devel-linux-x86_64-fedora-gcc
These binaries (installable software) and packages are in development.
They may not be fully stable and should be used with caution. We make no claims about them.