CRAN Package Check Results for Package MetabolAnalyze

Last updated on 2025-05-01 10:50:14 CEST.

Flavor Version Tinstall Tcheck Ttotal Status Flags
r-devel-linux-x86_64-debian-clang 1.3.1 5.16 32.18 37.34 NOTE
r-devel-linux-x86_64-debian-gcc 1.3.1 3.37 24.26 27.63 NOTE
r-devel-linux-x86_64-fedora-clang 1.3.1 56.17 OK
r-devel-linux-x86_64-fedora-gcc 1.3.1 55.28 OK
r-devel-windows-x86_64 1.3.1 6.00 53.00 59.00 OK
r-patched-linux-x86_64 1.3.1 3.86 30.62 34.48 OK
r-release-linux-x86_64 OK
r-release-macos-arm64 1.3.1 35.00 OK
r-release-macos-x86_64 1.3.1 38.00 OK
r-release-windows-x86_64 1.3.1 6.00 54.00 60.00 OK
r-oldrel-macos-arm64 1.3.1 20.00 OK
r-oldrel-macos-x86_64 1.3.1 39.00 OK
r-oldrel-windows-x86_64 1.3.1 6.00 58.00 64.00 OK

Check Details

Version: 1.3.1
Check: CRAN incoming feasibility
Result: NOTE Maintainer: ‘Claire Gormley <claire.gormley@ucd.ie>’ No Authors@R field in DESCRIPTION. Please add one, modifying Authors@R: c(person(given = "Nyamundanda", family = "Gift", role = "aut"), person(given = c("Isobel", "Claire"), family = "Gormley", role = "aut"), person(given = "Lorraine", family = "Brennan.", role = "aut"), person(given = "Claire", family = "Gormley", role = "cre", email = "claire.gormley@ucd.ie")) as necessary. Package CITATION file contains call(s) to old-style personList() or as.personList(). Please use c() on person objects instead. Package CITATION file contains call(s) to old-style citEntry(). Please use bibentry() instead. Flavors: r-devel-linux-x86_64-debian-clang, r-devel-linux-x86_64-debian-gcc

These binaries (installable software) and packages are in development.
They may not be fully stable and should be used with caution. We make no claims about them.