Last updated on 2025-05-08 04:52:10 CEST.
Flavor | Version | Tinstall | Tcheck | Ttotal | Status | Flags |
---|---|---|---|---|---|---|
r-devel-linux-x86_64-debian-clang | 1.1.2 | 17.05 | 145.25 | 162.30 | NOTE | |
r-devel-linux-x86_64-debian-gcc | 1.1.2 | 10.88 | 99.30 | 110.18 | NOTE | |
r-devel-linux-x86_64-fedora-clang | 1.1.2 | 258.73 | NOTE | |||
r-devel-linux-x86_64-fedora-gcc | 1.1.2 | 247.70 | NOTE | |||
r-devel-windows-x86_64 | 1.1.2 | 19.00 | 154.00 | 173.00 | NOTE | |
r-patched-linux-x86_64 | 1.1.2 | 16.71 | 132.59 | 149.30 | NOTE | |
r-release-linux-x86_64 | 1.1.2 | 16.21 | 132.46 | 148.67 | NOTE | |
r-release-macos-arm64 | 1.1.2 | 77.00 | NOTE | |||
r-release-macos-x86_64 | 1.1.2 | 130.00 | NOTE | |||
r-release-windows-x86_64 | 1.1.2 | 21.00 | 151.00 | 172.00 | NOTE | |
r-oldrel-macos-arm64 | 1.1.2 | 70.00 | NOTE | |||
r-oldrel-macos-x86_64 | 1.1.2 | 101.00 | NOTE | |||
r-oldrel-windows-x86_64 | 1.1.2 | 23.00 | 196.00 | 219.00 | NOTE |
Version: 1.1.2
Check: CRAN incoming feasibility
Result: NOTE
Maintainer: ‘Olajumoke Evangelina Owokotomo <olajumoke.owokotomo@uhasselt.be>’
The BugReports field in DESCRIPTION has
https://github.com/OlajumokeEvangelina/MetabolicSurv/issues/new
which should likely be
https://github.com/OlajumokeEvangelina/MetabolicSurv/issues/new/issues
instead.
Flavors: r-devel-linux-x86_64-debian-clang, r-devel-linux-x86_64-debian-gcc
Version: 1.1.2
Check: Rd files
Result: NOTE
checkRd: (-1) CVLasoelacox.Rd:68-69: Lost braces in \itemize; \value handles \item{}{} directly
checkRd: (-1) CVLasoelacox.Rd:70-71: Lost braces in \itemize; \value handles \item{}{} directly
checkRd: (-1) CVLasoelacox.Rd:72: Lost braces in \itemize; \value handles \item{}{} directly
checkRd: (-1) CVLasoelacox.Rd:73: Lost braces in \itemize; \value handles \item{}{} directly
checkRd: (-1) CVLasoelacox.Rd:74-76: Lost braces in \itemize; \value handles \item{}{} directly
checkRd: (-1) CVLasoelacox.Rd:77-79: Lost braces in \itemize; \value handles \item{}{} directly
checkRd: (-1) CVLasoelacox.Rd:80-81: Lost braces in \itemize; \value handles \item{}{} directly
checkRd: (-1) CVLasoelacox.Rd:82-85: Lost braces in \itemize; \value handles \item{}{} directly
checkRd: (-1) CVLasoelacox.Rd:86-87: Lost braces in \itemize; \value handles \item{}{} directly
Flavors: r-devel-linux-x86_64-debian-clang, r-devel-linux-x86_64-debian-gcc, r-devel-linux-x86_64-fedora-clang, r-devel-linux-x86_64-fedora-gcc, r-devel-windows-x86_64, r-patched-linux-x86_64, r-release-linux-x86_64, r-release-macos-arm64, r-release-macos-x86_64, r-release-windows-x86_64, r-oldrel-macos-arm64, r-oldrel-macos-x86_64, r-oldrel-windows-x86_64
These binaries (installable software) and packages are in development.
They may not be fully stable and should be used with caution. We make no claims about them.