Last updated on 2025-05-01 14:49:15 CEST.
Flavor | Version | Tinstall | Tcheck | Ttotal | Status | Flags |
---|---|---|---|---|---|---|
r-devel-linux-x86_64-debian-clang | 1.30.2 | 6.08 | 78.01 | 84.09 | NOTE | |
r-devel-linux-x86_64-debian-gcc | 1.30.2 | 4.24 | 55.87 | 60.11 | OK | |
r-devel-linux-x86_64-fedora-clang | 1.30.2 | 123.98 | OK | |||
r-devel-linux-x86_64-fedora-gcc | 1.30.2 | 124.98 | OK | |||
r-devel-windows-x86_64 | 1.30.2 | 8.00 | 103.00 | 111.00 | OK | |
r-patched-linux-x86_64 | 1.30.2 | 8.03 | 75.30 | 83.33 | OK | |
r-release-linux-x86_64 | OK | |||||
r-release-macos-arm64 | 1.30.2 | 48.00 | OK | |||
r-release-macos-x86_64 | 1.30.2 | 76.00 | OK | |||
r-release-windows-x86_64 | 1.30.2 | 9.00 | 104.00 | 113.00 | OK | |
r-oldrel-macos-arm64 | 1.30.2 | 45.00 | OK | |||
r-oldrel-macos-x86_64 | 1.30.2 | 93.00 | OK | |||
r-oldrel-windows-x86_64 | 1.30.2 | 9.00 | 123.00 | 132.00 | OK |
Version: 1.30.2
Check: examples
Result: NOTE
Examples with CPU (user + system) or elapsed time > 5s
user system elapsed
sbp 6.004 0.086 7.476
sbp.MC 5.228 0.130 6.285
Flavor: r-devel-linux-x86_64-debian-clang
Version: 1.30.2
Check: examples
Result: NA
user system elapsed
sbp 5.861 0.061 6.992
OK
Flavor: r-devel-linux-x86_64-debian-gcc
These binaries (installable software) and packages are in development.
They may not be fully stable and should be used with caution. We make no claims about them.