Last updated on 2025-10-24 05:50:46 CEST.
| Flavor | Version | Tinstall | Tcheck | Ttotal | Status | Flags |
|---|---|---|---|---|---|---|
| r-devel-linux-x86_64-debian-clang | 1.0.0 | 6.50 | 41.87 | 48.37 | OK | |
| r-devel-linux-x86_64-debian-gcc | 1.0.0 | 4.01 | 30.23 | 34.24 | OK | |
| r-devel-linux-x86_64-fedora-clang | 1.0.0 | 14.00 | 60.17 | 74.17 | NOTE | |
| r-devel-linux-x86_64-fedora-gcc | 1.0.0 | 16.00 | 69.77 | 85.77 | NOTE | |
| r-devel-windows-x86_64 | 1.0.0 | 10.00 | 55.00 | 65.00 | OK | |
| r-patched-linux-x86_64 | 1.0.0 | 6.42 | 39.04 | 45.46 | OK | |
| r-release-linux-x86_64 | 1.0.0 | 6.47 | 38.48 | 44.95 | OK | |
| r-release-macos-arm64 | 1.0.0 | 2.00 | 32.00 | 34.00 | OK | |
| r-release-macos-x86_64 | 1.0.0 | 5.00 | 48.00 | 53.00 | OK | |
| r-release-windows-x86_64 | 1.0.0 | 10.00 | 56.00 | 66.00 | OK | |
| r-oldrel-macos-arm64 | 1.0.0 | 3.00 | 27.00 | 30.00 | OK | |
| r-oldrel-macos-x86_64 | 1.0.0 | 5.00 | 46.00 | 51.00 | OK | |
| r-oldrel-windows-x86_64 | 1.0.0 | 11.00 | 66.00 | 77.00 | OK |
Version: 1.0.0
Check: dependencies in R code
Result: NOTE
Namespace in Imports field not imported from: ‘shinyBS’
All declared Imports should be used.
Flavors: r-devel-linux-x86_64-fedora-clang, r-devel-linux-x86_64-fedora-gcc
These binaries (installable software) and packages are in development.
They may not be fully stable and should be used with caution. We make no claims about them.