CRAN Package Check Results for Package MfUSampler

Last updated on 2025-05-01 12:49:33 CEST.

Flavor Version Tinstall Tcheck Ttotal Status Flags
r-devel-linux-x86_64-debian-clang 1.1.0 2.22 49.38 51.60 NOTE
r-devel-linux-x86_64-debian-gcc 1.1.0 1.82 44.64 46.46 NOTE
r-devel-linux-x86_64-fedora-clang 1.1.0 78.07 OK
r-devel-linux-x86_64-fedora-gcc 1.1.0 88.05 OK
r-devel-windows-x86_64 1.1.0 3.00 160.00 163.00 OK
r-patched-linux-x86_64 1.1.0 2.46 55.40 57.86 OK
r-release-linux-x86_64 OK
r-release-macos-arm64 1.1.0 47.00 OK
r-release-macos-x86_64 1.1.0 212.00 OK
r-release-windows-x86_64 1.1.0 4.00 144.00 148.00 OK
r-oldrel-macos-arm64 1.1.0 32.00 OK
r-oldrel-macos-x86_64 1.1.0 51.00 OK
r-oldrel-windows-x86_64 1.1.0 4.00 92.00 96.00 OK

Check Details

Version: 1.1.0
Check: CRAN incoming feasibility
Result: NOTE Maintainer: ‘Alireza S. Mahani <alireza.s.mahani@gmail.com>’ No Authors@R field in DESCRIPTION. Please add one, modifying Authors@R: c(person(given = c("Alireza", "S."), family = "Mahani", role = c("aut", "cre"), email = "alireza.s.mahani@gmail.com"), person(given = c("Mansour", "T.A."), family = "Sharabiani", role = "aut")) as necessary. Flavors: r-devel-linux-x86_64-debian-clang, r-devel-linux-x86_64-debian-gcc

These binaries (installable software) and packages are in development.
They may not be fully stable and should be used with caution. We make no claims about them.